Last updated on 2024-04-18 21:56:54 CEST.
Flavor | Version | Tinstall | Tcheck | Ttotal | Status | Flags |
---|---|---|---|---|---|---|
r-devel-linux-x86_64-debian-clang | 2.2.2 | 15.35 | 200.53 | 215.88 | NOTE | |
r-devel-linux-x86_64-debian-gcc | 2.2.2 | 11.44 | 143.96 | 155.40 | NOTE | |
r-devel-linux-x86_64-fedora-clang | 2.2.2 | 264.32 | NOTE | |||
r-devel-linux-x86_64-fedora-gcc | 2.2.2 | 316.49 | NOTE | |||
r-prerel-macos-arm64 | 2.2.2 | 96.00 | NOTE | |||
r-prerel-windows-x86_64 | 2.2.2 | 14.00 | 157.00 | 171.00 | NOTE | |
r-patched-linux-x86_64 | 2.2.2 | 15.30 | 195.19 | 210.49 | NOTE | |
r-release-linux-x86_64 | 2.2.2 | 12.22 | 189.99 | 202.21 | OK | |
r-release-macos-arm64 | 2.2.2 | 82.00 | OK | |||
r-release-macos-x86_64 | 2.2.2 | 144.00 | OK | |||
r-release-windows-x86_64 | 2.2.2 | 18.00 | 194.00 | 212.00 | OK | |
r-oldrel-macos-arm64 | 2.2.2 | 78.00 | OK | |||
r-oldrel-windows-x86_64 | 2.2.2 | 19.00 | 189.00 | 208.00 | OK |
Version: 2.2.2
Check: Rd files
Result: NOTE
checkRd: (-1) export_summs.Rd:26: Lost braces; missing escapes or markup?
26 | Default: "({std.error})"}
| ^
Flavors: r-devel-linux-x86_64-debian-clang, r-devel-linux-x86_64-debian-gcc, r-devel-linux-x86_64-fedora-clang, r-devel-linux-x86_64-fedora-gcc, r-prerel-macos-arm64, r-prerel-windows-x86_64, r-patched-linux-x86_64