CRAN Package Check Results for Package jsonStrings

Last updated on 2022-09-26 21:52:59 CEST.

Flavor Version Tinstall Tcheck Ttotal Status Flags
r-devel-linux-x86_64-debian-clang 2.0.0 32.21 35.25 67.46 OK
r-devel-linux-x86_64-debian-gcc 2.0.0 34.57 27.63 62.20 OK
r-devel-linux-x86_64-fedora-clang 2.0.0 109.35 OK
r-devel-linux-x86_64-fedora-gcc 2.0.0 107.69 OK
r-devel-windows-x86_64 2.0.0 35.00 81.00 116.00 OK
r-patched-linux-x86_64 2.0.0 37.21 34.33 71.54 OK
r-release-linux-x86_64 2.0.0 34.56 34.20 68.76 OK
r-release-macos-arm64 2.0.0 30.00 NOTE
r-release-macos-x86_64 2.0.0 39.00 NOTE
r-release-windows-x86_64 2.0.0 180.00 85.00 265.00 OK
r-oldrel-macos-arm64 2.0.0 37.00 NOTE
r-oldrel-macos-x86_64 2.0.0 38.00 NOTE
r-oldrel-windows-ix86+x86_64 2.0.0 91.00 85.00 176.00 OK

Check Details

Version: 2.0.0
Check: installed package size
Result: NOTE
     installed size is 5.4Mb
     sub-directories of 1Mb or more:
     libs 4.4Mb
Flavors: r-release-macos-arm64, r-release-macos-x86_64, r-oldrel-macos-arm64, r-oldrel-macos-x86_64