Last updated on 2024-03-27 19:56:55 CET.
Flavor | Version | Tinstall | Tcheck | Ttotal | Status | Flags |
---|---|---|---|---|---|---|
r-devel-linux-x86_64-debian-clang | 2.5.0 | 6.40 | 48.81 | 55.21 | OK | |
r-devel-linux-x86_64-debian-gcc | 2.5.0 | 5.70 | 37.71 | 43.41 | OK | |
r-devel-linux-x86_64-fedora-clang | 2.5.0 | 68.82 | NOTE | |||
r-devel-linux-x86_64-fedora-gcc | 2.5.0 | 66.51 | NOTE | |||
r-devel-windows-x86_64 | 2.5.0 | 14.00 | 60.00 | 74.00 | OK | |
r-patched-linux-x86_64 | 2.5.0 | 7.65 | 48.28 | 55.93 | OK | |
r-release-linux-x86_64 | 2.5.0 | 4.92 | 47.18 | 52.10 | OK | |
r-release-macos-arm64 | 2.5.0 | 32.00 | NOTE | |||
r-release-macos-x86_64 | 2.5.0 | 47.00 | NOTE | |||
r-release-windows-x86_64 | 2.5.0 | 14.00 | 68.00 | 82.00 | OK | |
r-oldrel-macos-arm64 | 2.5.0 | 32.00 | NOTE | |||
r-oldrel-windows-x86_64 | 2.5.0 | 15.00 | 75.00 | 90.00 | OK |
Version: 2.5.0
Check: installed package size
Result: NOTE
installed size is 6.9Mb
sub-directories of 1Mb or more:
examples 2.9Mb
htmlwidgets 1.1Mb
www 2.7Mb
Flavors: r-devel-linux-x86_64-fedora-clang, r-release-macos-arm64, r-release-macos-x86_64, r-oldrel-macos-arm64
Version: 2.5.0
Check: data for non-ASCII characters
Result: NOTE
Note: found 17 marked UTF-8 strings
Flavors: r-devel-linux-x86_64-fedora-clang, r-devel-linux-x86_64-fedora-gcc