Last updated on 2024-03-27 19:56:55 CET.
Flavor | Version | Tinstall | Tcheck | Ttotal | Status | Flags |
---|---|---|---|---|---|---|
r-devel-linux-x86_64-debian-clang | 0.6.0 | 7.25 | 41.42 | 48.67 | OK | |
r-devel-linux-x86_64-debian-gcc | 0.6.0 | 5.39 | 32.07 | 37.46 | OK | |
r-devel-linux-x86_64-fedora-clang | 0.6.0 | 64.51 | NOTE | |||
r-devel-linux-x86_64-fedora-gcc | 0.6.0 | 61.49 | OK | |||
r-devel-windows-x86_64 | 0.6.0 | 7.00 | 54.00 | 61.00 | OK | |
r-patched-linux-x86_64 | 0.6.0 | 7.31 | 41.35 | 48.66 | OK | |
r-release-linux-x86_64 | 0.6.0 | 5.12 | 40.16 | 45.28 | OK | |
r-release-macos-arm64 | 0.6.0 | 26.00 | OK | |||
r-release-macos-x86_64 | 0.6.0 | 49.00 | OK | |||
r-release-windows-x86_64 | 0.6.0 | 8.00 | 58.00 | 66.00 | OK | |
r-oldrel-macos-arm64 | 0.6.0 | 26.00 | OK | |||
r-oldrel-windows-x86_64 | 0.6.0 | 9.00 | 60.00 | 69.00 | OK |
Version: 0.6.0
Check: Rd cross-references
Result: NOTE
Undeclared package ‘later’ in Rd xrefs
Flavor: r-devel-linux-x86_64-fedora-clang