CRAN Package Check Results for Package jqr

Last updated on 2022-10-07 21:51:09 CEST.

Flavor Version Tinstall Tcheck Ttotal Status Flags
r-devel-linux-x86_64-debian-clang 1.2.3 3.76 49.04 52.80 OK
r-devel-linux-x86_64-debian-gcc 1.2.3 2.96 39.98 42.94 NOTE
r-devel-linux-x86_64-fedora-clang 1.2.3 77.40 OK
r-devel-linux-x86_64-fedora-gcc 1.2.3 72.89 OK
r-devel-windows-x86_64 1.2.3 23.00 80.00 103.00 OK
r-patched-linux-x86_64 1.2.3 4.19 48.12 52.31 OK
r-release-linux-x86_64 1.2.3 3.97 46.88 50.85 OK
r-release-macos-arm64 1.2.3 26.00 OK
r-release-macos-x86_64 1.2.3 35.00 OK
r-release-windows-x86_64 1.2.3 29.00 82.00 111.00 OK
r-oldrel-macos-arm64 1.2.3 31.00 OK
r-oldrel-macos-x86_64 1.2.3 40.00 OK
r-oldrel-windows-ix86+x86_64 1.2.3 13.00 107.00 120.00 OK

Check Details

Version: 1.2.3
Check: compilation flags used
Result: NOTE
    Compilation used the following non-portable flag(s):
     ‘-Wstrict-prototypes’
Flavor: r-devel-linux-x86_64-debian-gcc