Last updated on 2024-04-19 20:56:41 CEST.
Flavor | Version | Tinstall | Tcheck | Ttotal | Status | Flags |
---|---|---|---|---|---|---|
r-devel-linux-x86_64-debian-clang | 2.1.0 | 11.17 | 235.58 | 246.75 | OK | |
r-devel-linux-x86_64-debian-gcc | 2.1.0 | OK | ||||
r-devel-linux-x86_64-fedora-clang | 2.1.0 | 302.20 | NOTE | |||
r-devel-linux-x86_64-fedora-gcc | 2.1.0 | 301.81 | NOTE | |||
r-prerel-macos-arm64 | 2.1.0 | 77.00 | OK | |||
r-prerel-windows-x86_64 | 2.1.0 | 15.00 | 182.00 | 197.00 | OK | |
r-patched-linux-x86_64 | 2.1.0 | 9.20 | 232.51 | 241.71 | OK | |
r-release-linux-x86_64 | 2.1.0 | 12.25 | 225.09 | 237.34 | OK | |
r-release-macos-arm64 | 2.1.0 | 74.00 | OK | |||
r-release-macos-x86_64 | 2.1.0 | 136.00 | OK | |||
r-release-windows-x86_64 | 2.1.0 | 16.00 | 243.00 | 259.00 | OK | |
r-oldrel-macos-arm64 | 2.1.0 | 62.00 | NOTE | |||
r-oldrel-windows-x86_64 | 2.1.0 | 17.00 | 243.00 | 260.00 | OK |
Version: 2.1.0
Check: data for non-ASCII characters
Result: NOTE
Note: found 176 marked UTF-8 strings
Flavors: r-devel-linux-x86_64-fedora-clang, r-devel-linux-x86_64-fedora-gcc, r-oldrel-macos-arm64