CRAN Package Check Results for Package jpeg

Last updated on 2022-11-29 20:53:03 CET.

Flavor Version Tinstall Tcheck Ttotal Status Flags
r-devel-linux-x86_64-debian-clang 0.1-9 2.75 22.83 25.58 WARN
r-devel-linux-x86_64-debian-gcc 0.1-9 2.10 18.32 20.42 WARN
r-devel-linux-x86_64-fedora-clang 0.1-10 44.12 OK
r-devel-linux-x86_64-fedora-gcc 0.1-10 42.91 OK
r-devel-windows-x86_64 0.1-9 10.00 49.00 59.00 OK
r-patched-linux-x86_64 0.1-9 2.80 22.42 25.22 OK
r-release-linux-x86_64 0.1-9 2.67 22.42 25.09 OK
r-release-macos-arm64 0.1-9 15.00 OK
r-release-macos-x86_64 0.1-9 22.00 OK
r-release-windows-x86_64 0.1-9 8.00 46.00 54.00 OK
r-oldrel-macos-arm64 0.1-9 21.00 OK
r-oldrel-macos-x86_64 0.1-9 27.00 OK
r-oldrel-windows-ix86+x86_64 0.1-9 16.00 34.00 50.00 OK

Additional issues

rchk

Check Details

Version: 0.1-9
Check: whether package can be installed
Result: WARN
    Found the following significant warnings:
     ./rjcommon.h:75:44: warning: a function declaration without a prototype is deprecated in all versions of C [-Wstrict-prototypes]
Flavor: r-devel-linux-x86_64-debian-clang

Version: 0.1-9
Check: whether package can be installed
Result: WARN
    Found the following significant warnings:
     rjcommon.h:75:31: warning: function declaration isn’t a prototype [-Wstrict-prototypes]
Flavor: r-devel-linux-x86_64-debian-gcc