CRAN Package Check Results for Package jpcity

Last updated on 2024-06-12 20:59:00 CEST.

Flavor Version Tinstall Tcheck Ttotal Status Flags
r-devel-linux-x86_64-debian-clang 0.2.1 6.03 54.06 60.09 OK
r-devel-linux-x86_64-debian-gcc 0.2.1 0.38 1.62 2.00 ERROR
r-devel-linux-x86_64-fedora-clang 0.2.1 74.08 OK
r-devel-linux-x86_64-fedora-gcc 0.2.1 69.82 OK
r-devel-windows-x86_64 0.2.1 6.00 59.00 65.00 OK
r-patched-linux-x86_64 0.2.1 6.12 52.59 58.71 OK
r-release-linux-x86_64 0.2.1 6.50 51.21 57.71 OK
r-release-macos-arm64 0.2.1 26.00 OK
r-release-macos-x86_64 0.2.1 37.00 OK
r-release-windows-x86_64 0.2.1 6.00 59.00 65.00 OK
r-oldrel-macos-arm64 0.2.1 32.00 OK
r-oldrel-macos-x86_64 0.2.1 58.00 OK
r-oldrel-windows-x86_64 0.2.1 7.00 71.00 78.00 OK

Check Details

Version: 0.2.1
Check: package dependencies
Result: ERROR Packages required but not available: 'dplyr', 'lubridate', 'pillar', 'purrr', 'stringr', 'tibble', 'vctrs' Package suggested but not available for checking: ‘testthat’ See section ‘The DESCRIPTION file’ in the ‘Writing R Extensions’ manual. Flavor: r-devel-linux-x86_64-debian-gcc