Last updated on 2024-03-28 19:48:34 CET.
Flavor | Version | Tinstall | Tcheck | Ttotal | Status | Flags |
---|---|---|---|---|---|---|
r-devel-linux-x86_64-debian-clang | 1.0.2 | 11.00 | 82.39 | 93.39 | OK | |
r-devel-linux-x86_64-debian-gcc | 1.0.2 | 6.75 | 63.84 | 70.59 | OK | |
r-devel-linux-x86_64-fedora-clang | 1.0.2 | 125.27 | OK | |||
r-devel-linux-x86_64-fedora-gcc | 1.0.2 | 129.36 | OK | |||
r-devel-windows-x86_64 | 1.0.2 | 12.00 | 102.00 | 114.00 | OK | |
r-patched-linux-x86_64 | 1.0.2 | 8.95 | 81.52 | 90.47 | OK | |
r-release-linux-x86_64 | 1.0.2 | 8.95 | 79.99 | 88.94 | OK | |
r-release-macos-arm64 | 1.0.2 | 56.00 | NOTE | |||
r-release-macos-x86_64 | 1.0.2 | 49.00 | OK | |||
r-release-windows-x86_64 | 1.0.2 | 15.00 | 132.00 | 147.00 | OK | |
r-oldrel-macos-arm64 | 1.0.2 | 42.00 | OK | |||
r-oldrel-windows-x86_64 | 1.0.2 | 12.00 | 123.00 | 135.00 | OK |
Version: 1.0.2
Check: package dependencies
Result: NOTE
Package suggested but not available for checking: ‘PSCBS’
Flavor: r-release-macos-arm64
Version: 1.0.2
Check: Rd cross-references
Result: NOTE
Package unavailable to check Rd xrefs: ‘PSCBS’
Flavor: r-release-macos-arm64