Last updated on 2025-02-06 19:49:26 CET.
Flavor | Version | Tinstall | Tcheck | Ttotal | Status | Flags |
---|---|---|---|---|---|---|
r-devel-linux-x86_64-debian-clang | 0.4.6 | 73.17 | 419.08 | 492.25 | NOTE | --no-tests |
r-devel-linux-x86_64-debian-gcc | 0.4.7 | 55.44 | 145.22 | 200.66 | OK | --no-tests |
r-devel-linux-x86_64-fedora-clang | 0.4.7 | 656.29 | OK | |||
r-devel-linux-x86_64-fedora-gcc | 0.4.7 | 639.16 | OK | |||
r-devel-windows-x86_64 | 0.4.6 | 82.00 | 412.00 | 494.00 | NOTE | |
r-patched-linux-x86_64 | 0.4.6 | 74.13 | 625.89 | 700.02 | NOTE | --no-tests |
r-release-linux-x86_64 | 0.4.7 | 76.25 | 286.73 | 362.98 | OK | --no-tests |
r-release-macos-arm64 | 0.4.7 | 201.00 | NOTE | |||
r-release-macos-x86_64 | 0.4.7 | 431.00 | NOTE | |||
r-release-windows-x86_64 | 0.4.7 | 76.00 | 385.00 | 461.00 | OK | |
r-oldrel-macos-arm64 | 0.4.6 | 255.00 | NOTE | |||
r-oldrel-macos-x86_64 | 0.4.6 | 405.00 | NOTE | |||
r-oldrel-windows-x86_64 | 0.4.7 | 79.00 | 396.00 | 475.00 | OK |
Version: 0.4.6
Flags: --no-tests
Check: C++ specification
Result: NOTE
Specified C++11: please drop specification unless essential
Flavors: r-devel-linux-x86_64-debian-clang, r-patched-linux-x86_64
Version: 0.4.6
Flags: --no-tests
Check: Rd cross-references
Result: NOTE
Found the following Rd file(s) with Rd \link{} targets missing package
anchors:
plot.ranef.mjoint.Rd: ranef
vcov.mjoint.Rd: getVarCov
Please provide package anchors for all Rd \link{} targets not in the
package itself and the base packages.
Flavor: r-devel-linux-x86_64-debian-clang
Version: 0.4.6
Check: C++ specification
Result: NOTE
Specified C++11: please drop specification unless essential
Flavors: r-devel-windows-x86_64, r-oldrel-macos-arm64, r-oldrel-macos-x86_64
Version: 0.4.6
Check: Rd cross-references
Result: NOTE
Found the following Rd file(s) with Rd \link{} targets missing package
anchors:
plot.ranef.mjoint.Rd: ranef
vcov.mjoint.Rd: getVarCov
Please provide package anchors for all Rd \link{} targets not in the
package itself and the base packages.
Flavor: r-devel-windows-x86_64
Version: 0.4.7
Check: installed package size
Result: NOTE
installed size is 6.3Mb
sub-directories of 1Mb or more:
data 1.3Mb
libs 3.9Mb
Flavors: r-release-macos-arm64, r-release-macos-x86_64
Version: 0.4.6
Check: installed package size
Result: NOTE
installed size is 6.6Mb
sub-directories of 1Mb or more:
data 1.3Mb
libs 4.1Mb
Flavors: r-oldrel-macos-arm64, r-oldrel-macos-x86_64