Last updated on 2025-11-02 23:49:41 CET.
| Flavor | Version | Tinstall | Tcheck | Ttotal | Status | Flags | 
|---|---|---|---|---|---|---|
| r-devel-linux-x86_64-debian-clang | 1.2.0 | 84.33 | 32.34 | 116.67 | OK | |
| r-devel-linux-x86_64-debian-gcc | 1.2.0 | 57.89 | 25.77 | 83.66 | OK | |
| r-devel-linux-x86_64-fedora-clang | 1.2.0 | 199.00 | 27.64 | 226.64 | OK | |
| r-devel-linux-x86_64-fedora-gcc | 1.2.0 | 149.00 | 74.01 | 223.01 | OK | |
| r-devel-windows-x86_64 | 1.2.0 | 98.00 | 75.00 | 173.00 | OK | |
| r-patched-linux-x86_64 | 1.2.0 | 86.28 | 30.54 | 116.82 | OK | |
| r-release-linux-x86_64 | 1.2.0 | 85.88 | 30.55 | 116.43 | OK | |
| r-release-macos-arm64 | 1.2.0 | 33.00 | 21.00 | 54.00 | OK | |
| r-release-macos-x86_64 | 1.2.0 | 41.00 | 70.00 | 111.00 | OK | |
| r-release-windows-x86_64 | 1.2.0 | 96.00 | 76.00 | 172.00 | OK | |
| r-oldrel-macos-arm64 | 1.2.0 | 32.00 | 24.00 | 56.00 | NOTE | |
| r-oldrel-macos-x86_64 | 1.2.0 | 44.00 | 55.00 | 99.00 | NOTE | |
| r-oldrel-windows-x86_64 | 1.2.0 | 95.00 | 92.00 | 187.00 | OK | 
Version: 1.2.0
Check: installed package size
Result: NOTE
    installed size is  6.9Mb
    sub-directories of 1Mb or more:
      data   1.1Mb
      libs   5.7Mb
Flavors: r-oldrel-macos-arm64, r-oldrel-macos-x86_64