Last updated on 2024-04-18 21:56:54 CEST.
Flavor | Version | Tinstall | Tcheck | Ttotal | Status | Flags |
---|---|---|---|---|---|---|
r-devel-linux-x86_64-debian-clang | 1.0.4 | 2.51 | 27.19 | 29.70 | OK | |
r-devel-linux-x86_64-debian-gcc | 1.0.4 | 1.75 | 21.26 | 23.01 | OK | |
r-devel-linux-x86_64-fedora-clang | 1.0.4 | 37.92 | NOTE | |||
r-devel-linux-x86_64-fedora-gcc | 1.0.4 | 36.39 | NOTE | |||
r-prerel-macos-arm64 | 1.0.4 | 21.00 | OK | |||
r-prerel-windows-x86_64 | 1.0.4 | 4.00 | 45.00 | 49.00 | OK | |
r-patched-linux-x86_64 | 1.0.4 | 2.54 | 26.63 | 29.17 | OK | |
r-release-linux-x86_64 | 1.0.4 | 2.33 | 23.74 | 26.07 | OK | |
r-release-macos-arm64 | 1.0.4 | 22.00 | OK | |||
r-release-macos-x86_64 | 1.0.4 | 37.00 | OK | |||
r-release-windows-x86_64 | 1.0.4 | 5.00 | 44.00 | 49.00 | OK | |
r-oldrel-macos-arm64 | 1.0.4 | 21.00 | OK | |||
r-oldrel-windows-x86_64 | 1.0.4 | 5.00 | 45.00 | 50.00 | OK |
Version: 1.0.4
Check: data for non-ASCII characters
Result: NOTE
Note: found 87 marked UTF-8 strings
Flavors: r-devel-linux-x86_64-fedora-clang, r-devel-linux-x86_64-fedora-gcc