CRAN Package Check Results for Package jeek

Last updated on 2025-11-22 19:50:33 CET.

Flavor Version Tinstall Tcheck Ttotal Status Flags
r-devel-linux-x86_64-debian-clang 1.1.1 3.04 29.73 32.77 NOTE
r-devel-linux-x86_64-debian-gcc 1.1.1 2.22 23.56 25.78 NOTE
r-devel-linux-x86_64-fedora-clang 1.1.1 48.66 OK
r-devel-linux-x86_64-fedora-gcc 1.1.1 45.55 OK
r-devel-windows-x86_64 1.1.1 6.00 46.00 52.00 OK
r-patched-linux-x86_64 1.1.1 3.15 28.11 31.26 OK
r-release-linux-x86_64 1.1.1 3.11 28.07 31.18 OK
r-release-macos-arm64 1.1.1 OK
r-release-macos-x86_64 1.1.1 5.00 42.00 47.00 OK
r-release-windows-x86_64 1.1.1 5.00 46.00 51.00 OK
r-oldrel-macos-arm64 1.1.1 OK
r-oldrel-macos-x86_64 1.1.1 3.00 25.00 28.00 OK
r-oldrel-windows-x86_64 1.1.1 6.00 60.00 66.00 OK

Check Details

Version: 1.1.1
Check: CRAN incoming feasibility
Result: NOTE Maintainer: ‘Beilun Wang <bw4mw@virginia.edu>’ The Description field contains <arXiv:1806.00548>. Please refer to arXiv e-prints via their arXiv DOI <doi:10.48550/arXiv.YYMM.NNNNN>. The BugReports field in DESCRIPTION has https://github.com/QData/jeek which should likely be https://github.com/QData/jeek/issues instead. Flavors: r-devel-linux-x86_64-debian-clang, r-devel-linux-x86_64-debian-gcc