Last updated on 2023-10-04 20:42:30 CEST.
Flavor | Version | Tinstall | Tcheck | Ttotal | Status | Flags |
---|---|---|---|---|---|---|
r-devel-linux-x86_64-debian-clang | 2.3.1 | 34.30 | 48.69 | 82.99 | OK | |
r-devel-linux-x86_64-debian-gcc | 2.3.1 | 23.74 | 37.92 | 61.66 | OK | |
r-devel-linux-x86_64-fedora-clang | 2.3.1 | 114.64 | OK | |||
r-devel-linux-x86_64-fedora-gcc | 2.3.1 | 114.75 | OK | |||
r-devel-windows-x86_64 | 2.3.1 | 28.00 | 80.00 | 108.00 | OK | |
r-patched-linux-x86_64 | 2.3.1 | 23.67 | 47.91 | 71.58 | OK | |
r-release-linux-x86_64 | 2.3.1 | 29.91 | 47.23 | 77.14 | OK | |
r-release-macos-arm64 | 2.3.1 | 31.00 | NOTE | |||
r-release-macos-x86_64 | 2.3.1 | 54.00 | NOTE | |||
r-release-windows-x86_64 | 2.3.1 | 39.00 | 88.00 | 127.00 | OK | |
r-oldrel-macos-arm64 | 2.3.1 | 33.00 | NOTE | |||
r-oldrel-macos-x86_64 | 2.3.1 | 48.00 | NOTE | |||
r-oldrel-windows-x86_64 | 2.3.1 | 36.00 | 86.00 | 122.00 | OK |
Version: 2.3.1
Check: installed package size
Result: NOTE
installed size is 5.1Mb
sub-directories of 1Mb or more:
docs 3.5Mb
libs 1.5Mb
Flavors: r-release-macos-arm64, r-release-macos-x86_64, r-oldrel-macos-arm64, r-oldrel-macos-x86_64