CRAN Package Check Results for Package jab.adverse.reactions

Last updated on 2025-11-25 20:50:56 CET.

Flavor Version Tinstall Tcheck Ttotal Status Flags
r-devel-linux-x86_64-debian-clang 1.0.3 1.26 19.85 21.11 NOTE
r-devel-linux-x86_64-debian-gcc 1.0.3 1.23 16.50 17.73 NOTE
r-devel-linux-x86_64-fedora-clang 1.0.3 29.80 OK
r-devel-linux-x86_64-fedora-gcc 1.0.3 27.19 OK
r-devel-windows-x86_64 1.0.3 5.00 44.00 49.00 OK
r-patched-linux-x86_64 1.0.3 1.52 17.64 19.16 OK
r-release-linux-x86_64 1.0.3 0.99 17.54 18.53 OK
r-release-macos-arm64 1.0.3 OK
r-release-macos-x86_64 1.0.3 1.00 21.00 22.00 OK
r-release-windows-x86_64 1.0.3 4.00 38.00 42.00 OK
r-oldrel-macos-arm64 1.0.3 OK
r-oldrel-macos-x86_64 1.0.3 1.00 18.00 19.00 OK
r-oldrel-windows-x86_64 1.0.3 4.00 41.00 45.00 OK

Check Details

Version: 1.0.3
Check: CRAN incoming feasibility
Result: NOTE Maintainer: ‘Irucka Embry <iembry@ecoccs.com>’ No Authors@R field in DESCRIPTION. Please add one, modifying Authors@R: person(given = "Irucka", family = "Embry", role = c("aut", "cre"), email = "iembry@ecoccs.com") as necessary. Flavors: r-devel-linux-x86_64-debian-clang, r-devel-linux-x86_64-debian-gcc