CRAN Package Check Results for Package ivDiag

Last updated on 2025-11-02 23:49:41 CET.

Flavor Version Tinstall Tcheck Ttotal Status Flags
r-devel-linux-x86_64-debian-clang 1.0.6 12.52 111.36 123.88 NOTE
r-devel-linux-x86_64-debian-gcc 1.0.6 9.23 80.09 89.32 NOTE
r-devel-linux-x86_64-fedora-clang 1.0.6 44.00 141.13 185.13 OK
r-devel-linux-x86_64-fedora-gcc 1.0.6 32.00 138.78 170.78 OK
r-devel-windows-x86_64 1.0.6 14.00 109.00 123.00 OK
r-patched-linux-x86_64 1.0.6 12.36 103.45 115.81 OK
r-release-linux-x86_64 1.0.6 12.79 103.26 116.05 OK
r-release-macos-arm64 1.0.6 6.00 41.00 47.00 OK
r-release-macos-x86_64 1.0.6 10.00 79.00 89.00 OK
r-release-windows-x86_64 1.0.6 14.00 105.00 119.00 OK
r-oldrel-macos-arm64 1.0.6 5.00 41.00 46.00 OK
r-oldrel-macos-x86_64 1.0.6 8.00 62.00 70.00 OK
r-oldrel-windows-x86_64 1.0.6 18.00 139.00 157.00 OK

Check Details

Version: 1.0.6
Check: CRAN incoming feasibility
Result: NOTE Maintainer: ‘Yiqing Xu <yiqingxu@stanford.edu>’ The Description field contains <arXiv:2303.11399>, including bootstrapped confidence intervals, Please refer to arXiv e-prints via their arXiv DOI <doi:10.48550/arXiv.YYMM.NNNNN>. Flavors: r-devel-linux-x86_64-debian-clang, r-devel-linux-x86_64-debian-gcc