CRAN Package Check Results for Package iterLap

Last updated on 2025-04-28 20:50:23 CEST.

Flavor Version Tinstall Tcheck Ttotal Status Flags
r-devel-linux-x86_64-debian-clang 1.1-4 3.29 22.85 26.14 OK
r-devel-linux-x86_64-debian-gcc 1.1-4 2.49 17.75 20.24 NOTE
r-devel-linux-x86_64-fedora-clang 1.1-4 40.10 OK
r-devel-linux-x86_64-fedora-gcc 1.1-4 39.54 OK
r-devel-windows-x86_64 1.1-4 6.00 47.00 53.00 OK
r-patched-linux-x86_64 1.1-4 3.11 21.84 24.95 OK
r-release-linux-x86_64 1.1-4 2.80 22.30 25.10 OK
r-release-macos-arm64 1.1-4 21.00 OK
r-release-macos-x86_64 1.1-4 29.00 OK
r-release-windows-x86_64 1.1-4 6.00 51.00 57.00 OK
r-oldrel-macos-arm64 1.1-4 18.00 OK
r-oldrel-macos-x86_64 1.1-4 25.00 OK
r-oldrel-windows-x86_64 1.1-4 7.00 45.00 52.00 OK

Check Details

Version: 1.1-4
Check: CRAN incoming feasibility
Result: NOTE Maintainer: ‘Bjoern Bornkamp <bbnkmp@mail.de>’ No Authors@R field in DESCRIPTION. Please add one, modifying Authors@R: person(given = "Bjoern", family = "Bornkamp", role = c("aut", "cre"), email = "bbnkmp@mail.de") as necessary. Flavor: r-devel-linux-x86_64-debian-gcc