Last updated on 2024-07-26 20:50:01 CEST.
Flavor | Version | Tinstall | Tcheck | Ttotal | Status | Flags |
---|---|---|---|---|---|---|
r-devel-linux-x86_64-debian-clang | 0.2.5 | 2.68 | 27.61 | 30.29 | OK | |
r-devel-linux-x86_64-debian-gcc | 0.2.5 | 2.14 | 21.19 | 23.33 | OK | |
r-devel-linux-x86_64-fedora-clang | 0.2.5 | 40.98 | NOTE | |||
r-devel-linux-x86_64-fedora-gcc | 0.2.5 | 49.97 | NOTE | |||
r-devel-windows-x86_64 | 0.2.5 | 5.00 | 53.00 | 58.00 | OK | |
r-patched-linux-x86_64 | 0.2.5 | OK | ||||
r-release-linux-x86_64 | 0.2.5 | 2.35 | 26.67 | 29.02 | OK | |
r-release-macos-arm64 | 0.2.5 | 23.00 | OK | |||
r-release-macos-x86_64 | 0.2.5 | 35.00 | OK | |||
r-release-windows-x86_64 | 0.2.5 | 6.00 | 52.00 | 58.00 | OK | |
r-oldrel-macos-arm64 | 0.2.5 | 26.00 | OK | |||
r-oldrel-macos-x86_64 | 0.2.5 | 34.00 | OK | |||
r-oldrel-windows-x86_64 | 0.2.5 | 9.00 | 51.00 | 60.00 | OK |
Version: 0.2.5
Check: compiled code
Result: NOTE
File ‘isingLenzMC/libs/isingLenzMC.so’:
Found no calls to: ‘R_registerRoutines’, ‘R_useDynamicSymbols’
It is good practice to register native routines and to disable symbol
search.
See ‘Writing portable packages’ in the ‘Writing R Extensions’ manual.
Flavors: r-devel-linux-x86_64-fedora-clang, r-devel-linux-x86_64-fedora-gcc