Last updated on 2024-04-19 20:56:41 CEST.
Flavor | Version | Tinstall | Tcheck | Ttotal | Status | Flags |
---|---|---|---|---|---|---|
r-devel-linux-x86_64-debian-clang | 1.0.0 | 2.21 | 37.81 | 40.02 | OK | |
r-devel-linux-x86_64-debian-gcc | 1.0.0 | OK | ||||
r-devel-linux-x86_64-fedora-clang | 1.0.0 | 55.74 | NOTE | |||
r-devel-linux-x86_64-fedora-gcc | 1.0.0 | 64.01 | NOTE | |||
r-prerel-macos-arm64 | 1.0.0 | 27.00 | OK | |||
r-prerel-windows-x86_64 | 1.0.0 | 4.00 | 51.00 | 55.00 | OK | |
r-patched-linux-x86_64 | 1.0.0 | 2.80 | 38.92 | 41.72 | OK | |
r-release-linux-x86_64 | 1.0.0 | 3.13 | 37.45 | 40.58 | OK | |
r-release-macos-arm64 | 1.0.0 | 27.00 | OK | |||
r-release-macos-x86_64 | 1.0.0 | 38.00 | OK | |||
r-release-windows-x86_64 | 1.0.0 | 5.00 | 57.00 | 62.00 | OK | |
r-oldrel-macos-arm64 | 1.0.0 | 24.00 | NOTE | |||
r-oldrel-windows-x86_64 | 1.0.0 | 5.00 | 62.00 | 67.00 | OK |
Version: 1.0.0
Check: data for non-ASCII characters
Result: NOTE
Note: found 12 marked UTF-8 strings
Flavors: r-devel-linux-x86_64-fedora-clang, r-devel-linux-x86_64-fedora-gcc, r-oldrel-macos-arm64