CRAN Package Check Results for Package irtrees

Last updated on 2024-06-12 20:59:00 CEST.

Flavor Version Tinstall Tcheck Ttotal Status Flags
r-devel-linux-x86_64-debian-clang 1.0.0 6.85 303.87 310.72 OK
r-devel-linux-x86_64-debian-gcc 1.0.0 0.64 1.71 2.35 ERROR
r-devel-linux-x86_64-fedora-clang 1.0.0 372.02 OK
r-devel-linux-x86_64-fedora-gcc 1.0.0 384.28 OK
r-devel-windows-x86_64 1.0.0 7.00 324.00 331.00 OK
r-patched-linux-x86_64 1.0.0 4.51 294.18 298.69 OK
r-release-linux-x86_64 1.0.0 4.72 292.76 297.48 OK
r-release-macos-arm64 1.0.0 125.00 OK
r-release-macos-x86_64 1.0.0 208.00 OK
r-release-windows-x86_64 1.0.0 7.00 322.00 329.00 OK
r-oldrel-macos-arm64 1.0.0 133.00 OK
r-oldrel-macos-x86_64 1.0.0 221.00 OK
r-oldrel-windows-x86_64 1.0.0 9.00 348.00 357.00 OK

Check Details

Version: 1.0.0
Check: package dependencies
Result: ERROR Packages required but not available: 'DiagrammeR', 'tidyr' Packages suggested but not available for checking: 'lme4', 'reshape2' See section ‘The DESCRIPTION file’ in the ‘Writing R Extensions’ manual. Flavor: r-devel-linux-x86_64-debian-gcc