CRAN Package Check Results for Package irrNA

Last updated on 2022-09-27 21:53:52 CEST.

Flavor Version Tinstall Tcheck Ttotal Status Flags
r-devel-linux-x86_64-debian-clang 0.2.3 2.88 27.61 30.49 OK
r-devel-linux-x86_64-debian-gcc 0.2.3 2.34 21.57 23.91 OK
r-devel-linux-x86_64-fedora-clang 0.2.3 50.50 NOTE
r-devel-linux-x86_64-fedora-gcc 0.2.3 46.97 OK
r-devel-windows-x86_64 0.2.3 9.00 55.00 64.00 OK
r-patched-linux-x86_64 0.2.3 2.66 20.04 22.70 OK
r-release-linux-x86_64 0.2.3 2.63 26.36 28.99 OK
r-release-macos-arm64 0.2.3 14.00 OK
r-release-macos-x86_64 0.2.3 22.00 OK
r-release-windows-x86_64 0.2.3 6.00 50.00 56.00 OK
r-oldrel-macos-arm64 0.2.3 16.00 OK
r-oldrel-macos-x86_64 0.2.3 22.00 OK
r-oldrel-windows-ix86+x86_64 0.2.3 6.00 44.00 50.00 OK

Check Details

Version: 0.2.3
Check: Rd cross-references
Result: NOTE
    Undeclared package ‘irr’ in Rd xrefs
Flavor: r-devel-linux-x86_64-fedora-clang