Last updated on 2024-04-18 21:56:54 CEST.
Flavor | Version | Tinstall | Tcheck | Ttotal | Status | Flags |
---|---|---|---|---|---|---|
r-devel-linux-x86_64-debian-clang | 0.2.3 | 3.61 | 28.33 | 31.94 | OK | |
r-devel-linux-x86_64-debian-gcc | 0.2.3 | 2.71 | 21.27 | 23.98 | OK | |
r-devel-linux-x86_64-fedora-clang | 0.2.3 | 38.73 | NOTE | |||
r-devel-linux-x86_64-fedora-gcc | 0.2.3 | 37.05 | OK | |||
r-prerel-macos-arm64 | 0.2.3 | 16.00 | OK | |||
r-prerel-windows-x86_64 | 0.2.3 | 4.00 | 42.00 | 46.00 | OK | |
r-patched-linux-x86_64 | 0.2.3 | 3.46 | 26.83 | 30.29 | OK | |
r-release-linux-x86_64 | 0.2.3 | 3.02 | 27.15 | 30.17 | OK | |
r-release-macos-arm64 | 0.2.3 | 18.00 | OK | |||
r-release-macos-x86_64 | 0.2.3 | 23.00 | OK | |||
r-release-windows-x86_64 | 0.2.3 | 7.00 | 43.00 | 50.00 | OK | |
r-oldrel-macos-arm64 | 0.2.3 | 20.00 | OK | |||
r-oldrel-windows-x86_64 | 0.2.3 | 6.00 | 50.00 | 56.00 | OK |
Version: 0.2.3
Check: Rd cross-references
Result: NOTE
Undeclared package ‘irr’ in Rd xrefs
Flavor: r-devel-linux-x86_64-fedora-clang