CRAN Package Check Results for Package iriR

Last updated on 2022-12-07 21:55:27 CET.

Flavor Version Tinstall Tcheck Ttotal Status Flags
r-devel-linux-x86_64-debian-clang 0.2.2 14.39 86.89 101.28 OK
r-devel-linux-x86_64-debian-gcc 0.2.2 12.30 63.93 76.23 OK
r-devel-linux-x86_64-fedora-clang 0.2.2 131.38 NOTE
r-devel-linux-x86_64-fedora-gcc 0.2.2 143.37 OK
r-devel-windows-x86_64 0.2.2 33.00 116.00 149.00 NOTE
r-patched-linux-x86_64 0.2.2 12.83 78.62 91.45 OK
r-release-linux-x86_64 0.2.2 14.19 78.46 92.65 OK
r-release-macos-arm64 0.2.2 48.00 NOTE
r-release-macos-x86_64 0.2.2 74.00 NOTE
r-release-windows-x86_64 0.2.2 32.00 115.00 147.00 NOTE
r-oldrel-macos-arm64 0.2.2 49.00 NOTE
r-oldrel-macos-x86_64 0.2.2 70.00 NOTE
r-oldrel-windows-ix86+x86_64 0.2.2 36.00 109.00 145.00 NOTE

Check Details

Version: 0.2.2
Check: installed package size
Result: NOTE
     installed size is 12.2Mb
     sub-directories of 1Mb or more:
     R 11.7Mb
Flavors: r-devel-linux-x86_64-fedora-clang, r-devel-windows-x86_64, r-release-macos-arm64, r-release-macos-x86_64, r-release-windows-x86_64, r-oldrel-macos-arm64, r-oldrel-macos-x86_64, r-oldrel-windows-ix86+x86_64