CRAN Package Check Results for Package iraceplot

Last updated on 2024-06-12 20:59:00 CEST.

Flavor Version Tinstall Tcheck Ttotal Status Flags
r-devel-linux-x86_64-debian-clang 1.3 11.01 106.86 117.87 OK
r-devel-linux-x86_64-debian-gcc 1.3 0.44 1.91 2.35 ERROR
r-devel-linux-x86_64-fedora-clang 1.3 144.40 OK
r-devel-linux-x86_64-fedora-gcc 1.3 146.72 OK
r-devel-windows-x86_64 1.3 9.00 102.00 111.00 OK
r-patched-linux-x86_64 1.3 14.95 102.32 117.27 OK
r-release-linux-x86_64 1.3 5.65 101.28 106.93 OK
r-release-macos-arm64 1.3 51.00 OK
r-release-macos-x86_64 1.3 74.00 OK
r-release-windows-x86_64 1.3 11.00 101.00 112.00 OK
r-oldrel-macos-arm64 1.3 54.00 OK
r-oldrel-macos-x86_64 1.3 85.00 OK
r-oldrel-windows-x86_64 1.3 12.00 125.00 137.00 OK

Check Details

Version: 1.3
Check: package dependencies
Result: ERROR Packages required but not available: 'dplyr', 'forcats', 'ggforce', 'ggplot2', 'plotly', 'tibble', 'tidyr' Package suggested but not available for checking: ‘testthat’ See section ‘The DESCRIPTION file’ in the ‘Writing R Extensions’ manual. Flavor: r-devel-linux-x86_64-debian-gcc