Last updated on 2025-05-09 20:49:53 CEST.
Flavor | Version | Tinstall | Tcheck | Ttotal | Status | Flags |
---|---|---|---|---|---|---|
r-devel-linux-x86_64-debian-clang | 1.0.0 | 4.75 | 32.75 | 37.50 | NOTE | |
r-devel-linux-x86_64-debian-gcc | 1.0.0 | 3.30 | 23.73 | 27.03 | NOTE | |
r-devel-linux-x86_64-fedora-clang | 1.0.0 | 58.29 | OK | |||
r-devel-linux-x86_64-fedora-gcc | 1.0.0 | 55.79 | OK | |||
r-devel-windows-x86_64 | 1.0.0 | 6.00 | 59.00 | 65.00 | OK | |
r-patched-linux-x86_64 | 1.0.0 | 4.97 | 30.09 | 35.06 | OK | |
r-release-linux-x86_64 | 1.0.0 | 4.79 | 30.01 | 34.80 | OK | |
r-release-macos-arm64 | 1.0.0 | 19.00 | OK | |||
r-release-macos-x86_64 | 1.0.0 | 33.00 | OK | |||
r-release-windows-x86_64 | 1.0.0 | 6.00 | 64.00 | 70.00 | OK | |
r-oldrel-macos-arm64 | 1.0.0 | 19.00 | OK | |||
r-oldrel-macos-x86_64 | 1.0.0 | 27.00 | OK | |||
r-oldrel-windows-x86_64 | 1.0.0 | 6.00 | 57.00 | 63.00 | OK |
Version: 1.0.0
Check: CRAN incoming feasibility
Result: NOTE
Maintainer: ‘Rama Ranjan Panda<rrpanda.phd2018.cs@nitrr.ac.in>’
No Authors@R field in DESCRIPTION.
Please add one, modifying
Authors@R: c(person(given = c("Rama", "Ranjan"),
family = "Panda",
role = c("aut", "cre"),
email = "rrpanda.phd2018.cs@nitrr.ac.in"),
person(given = c("Naresh", "Kumar"),
family = "Nagwani",
role = "aut"))
as necessary.
Flavors: r-devel-linux-x86_64-debian-clang, r-devel-linux-x86_64-debian-gcc