CRAN Package Check Results for Package ipmr

Last updated on 2025-06-30 21:49:25 CEST.

Flavor Version Tinstall Tcheck Ttotal Status Flags
r-devel-linux-x86_64-debian-clang 0.0.7 28.06 333.23 361.29 NOTE
r-devel-linux-x86_64-debian-gcc 0.0.7 19.27 213.17 232.44 NOTE
r-devel-linux-x86_64-fedora-clang 0.0.7 576.31 NOTE
r-devel-linux-x86_64-fedora-gcc 0.0.7 575.96 NOTE
r-devel-windows-x86_64 0.0.7 33.00 248.00 281.00 NOTE
r-patched-linux-x86_64 NOTE
r-release-linux-x86_64 0.0.7 28.02 326.42 354.44 NOTE
r-release-macos-arm64 0.0.7 141.00 NOTE
r-release-macos-x86_64 0.0.7 269.00 NOTE
r-release-windows-x86_64 0.0.7 34.00 237.00 271.00 NOTE
r-oldrel-macos-arm64 0.0.7 113.00 NOTE
r-oldrel-macos-x86_64 0.0.7 182.00 NOTE
r-oldrel-windows-x86_64 0.0.7 41.00 325.00 366.00 NOTE

Check Details

Version: 0.0.7
Check: Rd files
Result: NOTE checkRd: (-1) check_convergence.Rd:47: Lost braces 47 | \code{conv_plot}: code{ipm} invisibly. | ^ checkRd: (-1) init_ipm.Rd:50-51: Lost braces in \itemize; meant \describe ? checkRd: (-1) init_ipm.Rd:52-53: Lost braces in \itemize; meant \describe ? checkRd: (-1) init_ipm.Rd:57: Lost braces in \itemize; meant \describe ? checkRd: (-1) init_ipm.Rd:58: Lost braces in \itemize; meant \describe ? checkRd: (-1) init_ipm.Rd:62: Lost braces in \itemize; meant \describe ? checkRd: (-1) init_ipm.Rd:63-65: Lost braces in \itemize; meant \describe ? checkRd: (-1) init_ipm.Rd:70-74: Lost braces in \itemize; meant \describe ? checkRd: (-1) init_ipm.Rd:75-78: Lost braces in \itemize; meant \describe ? checkRd: (-1) make_ipm.Rd:276: Lost braces in \itemize; \value handles \item{}{} directly checkRd: (-1) make_ipm.Rd:277-281: Lost braces in \itemize; \value handles \item{}{} directly checkRd: (-1) make_ipm.Rd:282-286: Lost braces in \itemize; \value handles \item{}{} directly checkRd: (-1) make_ipm.Rd:287-291: Lost braces in \itemize; \value handles \item{}{} directly checkRd: (-1) make_ipm.Rd:292-293: Lost braces in \itemize; \value handles \item{}{} directly Flavors: r-devel-linux-x86_64-debian-clang, r-devel-linux-x86_64-debian-gcc, r-devel-linux-x86_64-fedora-clang, r-devel-linux-x86_64-fedora-gcc, r-devel-windows-x86_64, r-patched-linux-x86_64, r-release-linux-x86_64, r-release-macos-arm64, r-release-macos-x86_64, r-release-windows-x86_64, r-oldrel-macos-arm64, r-oldrel-macos-x86_64, r-oldrel-windows-x86_64