Last updated on 2023-11-29 19:54:09 CET.
Flavor | Version | Tinstall | Tcheck | Ttotal | Status | Flags |
---|---|---|---|---|---|---|
r-devel-linux-x86_64-debian-clang | 0.0.7 | 49.21 | 439.17 | 488.38 | NOTE | |
r-devel-linux-x86_64-debian-gcc | 0.0.7 | 34.57 | 324.90 | 359.47 | NOTE | |
r-devel-linux-x86_64-fedora-clang | 0.0.7 | 602.29 | NOTE | |||
r-devel-linux-x86_64-fedora-gcc | 0.0.7 | 604.98 | OK | |||
r-devel-windows-x86_64 | 0.0.7 | 38.00 | 243.00 | 281.00 | OK | |
r-patched-linux-x86_64 | 0.0.7 | 47.42 | 414.27 | 461.69 | OK | |
r-release-linux-x86_64 | 0.0.7 | 43.70 | 417.41 | 461.11 | OK | |
r-release-macos-arm64 | 0.0.7 | 181.00 | OK | |||
r-release-macos-x86_64 | 0.0.7 | 328.00 | OK | |||
r-release-windows-x86_64 | 0.0.7 | 50.00 | 314.00 | 364.00 | OK | |
r-oldrel-macos-arm64 | 0.0.7 | 168.00 | OK | |||
r-oldrel-macos-x86_64 | 0.0.7 | 220.00 | OK | |||
r-oldrel-windows-x86_64 | 0.0.7 | 48.00 | 310.00 | 358.00 | OK |
Version: 0.0.7
Check: Rd files
Result: NOTE
checkRd: (-1) check_convergence.Rd:47: Lost braces
47 | \code{conv_plot}: code{ipm} invisibly.
| ^
checkRd: (-1) init_ipm.Rd:50-51: Lost braces in \itemize; meant \describe ?
checkRd: (-1) init_ipm.Rd:52-53: Lost braces in \itemize; meant \describe ?
checkRd: (-1) init_ipm.Rd:57: Lost braces in \itemize; meant \describe ?
checkRd: (-1) init_ipm.Rd:58: Lost braces in \itemize; meant \describe ?
checkRd: (-1) init_ipm.Rd:62: Lost braces in \itemize; meant \describe ?
checkRd: (-1) init_ipm.Rd:63-65: Lost braces in \itemize; meant \describe ?
checkRd: (-1) init_ipm.Rd:70-74: Lost braces in \itemize; meant \describe ?
checkRd: (-1) init_ipm.Rd:75-78: Lost braces in \itemize; meant \describe ?
checkRd: (-1) make_ipm.Rd:276: Lost braces in \itemize; \value handles \item{}{} directly
checkRd: (-1) make_ipm.Rd:277-281: Lost braces in \itemize; \value handles \item{}{} directly
checkRd: (-1) make_ipm.Rd:282-286: Lost braces in \itemize; \value handles \item{}{} directly
checkRd: (-1) make_ipm.Rd:287-291: Lost braces in \itemize; \value handles \item{}{} directly
checkRd: (-1) make_ipm.Rd:292-293: Lost braces in \itemize; \value handles \item{}{} directly
Flavors: r-devel-linux-x86_64-debian-clang, r-devel-linux-x86_64-debian-gcc
Version: 0.0.7
Check: Rd cross-references
Result: NOTE
Undeclared package ‘Rpadrino’ in Rd xrefs
Flavor: r-devel-linux-x86_64-fedora-clang