Last updated on 2025-11-23 20:48:51 CET.
| Flavor | Version | Tinstall | Tcheck | Ttotal | Status | Flags |
|---|---|---|---|---|---|---|
| r-devel-linux-x86_64-debian-clang | 0.1.1 | 41.09 | 23.67 | 64.76 | OK | |
| r-devel-linux-x86_64-debian-gcc | 0.1.1 | 34.36 | 19.25 | 53.61 | OK | |
| r-devel-linux-x86_64-fedora-clang | 0.1.1 | 110.00 | 12.11 | 122.11 | OK | |
| r-devel-linux-x86_64-fedora-gcc | 0.1.1 | 116.00 | 12.76 | 128.76 | OK | |
| r-devel-windows-x86_64 | 0.1.1 | 70.00 | 60.00 | 130.00 | OK | |
| r-patched-linux-x86_64 | 0.1.1 | 53.11 | 22.48 | 75.59 | OK | |
| r-release-linux-x86_64 | 0.1.1 | 50.43 | 22.81 | 73.24 | OK | |
| r-release-macos-arm64 | 0.1.1 | OK | ||||
| r-release-macos-x86_64 | 0.1.1 | 30.00 | 28.00 | 58.00 | OK | |
| r-release-windows-x86_64 | 0.1.1 | 70.00 | 63.00 | 133.00 | OK | |
| r-oldrel-macos-arm64 | 0.1.1 | NOTE | ||||
| r-oldrel-macos-x86_64 | 0.1.1 | 28.00 | 22.00 | 50.00 | NOTE | |
| r-oldrel-windows-x86_64 | 0.1.1 | 68.00 | 75.00 | 143.00 | OK |
Version: 0.1.1
Check: installed package size
Result: NOTE
installed size is 5.1Mb
sub-directories of 1Mb or more:
libs 5.0Mb
Flavors: r-oldrel-macos-arm64, r-oldrel-macos-x86_64