CRAN Package Check Results for Package interimApp

Last updated on 2022-09-27 21:53:52 CEST.

Flavor Version Tinstall Tcheck Ttotal Status Flags
r-devel-linux-x86_64-debian-clang 0.0.1 3.98 41.49 45.47 NOTE
r-devel-linux-x86_64-debian-gcc 0.0.1 3.23 32.57 35.80 NOTE
r-devel-linux-x86_64-fedora-clang 0.0.1 69.58 NOTE
r-devel-linux-x86_64-fedora-gcc 0.0.1 66.92 NOTE
r-devel-windows-x86_64 0.0.1 10.00 76.00 86.00 NOTE
r-patched-linux-x86_64 0.0.1 4.23 39.80 44.03 NOTE
r-release-linux-x86_64 0.0.1 4.16 40.16 44.32 NOTE
r-release-macos-arm64 0.0.1 22.00 NOTE
r-release-macos-x86_64 0.0.1 38.00 NOTE
r-release-windows-x86_64 0.0.1 10.00 73.00 83.00 NOTE
r-oldrel-macos-arm64 0.0.1 24.00 NOTE
r-oldrel-macos-x86_64 0.0.1 30.00 NOTE
r-oldrel-windows-ix86+x86_64 0.0.1 12.00 65.00 77.00 NOTE

Check Details

Version: 0.0.1
Check: LazyData
Result: NOTE
     'LazyData' is specified without a 'data' directory
Flavors: r-devel-linux-x86_64-debian-clang, r-devel-linux-x86_64-debian-gcc, r-devel-linux-x86_64-fedora-clang, r-devel-linux-x86_64-fedora-gcc, r-devel-windows-x86_64, r-patched-linux-x86_64, r-release-linux-x86_64, r-release-macos-arm64, r-release-macos-x86_64, r-release-windows-x86_64, r-oldrel-macos-arm64, r-oldrel-macos-x86_64, r-oldrel-windows-ix86+x86_64