Last updated on 2024-07-26 20:50:01 CEST.
Flavor | Version | Tinstall | Tcheck | Ttotal | Status | Flags |
---|---|---|---|---|---|---|
r-devel-linux-x86_64-debian-clang | 0.8.0 | 2.01 | 23.71 | 25.72 | NOTE | |
r-devel-linux-x86_64-debian-gcc | 0.8.0 | 1.73 | 18.54 | 20.27 | NOTE | |
r-devel-linux-x86_64-fedora-clang | 0.8.0 | 34.45 | NOTE | |||
r-devel-linux-x86_64-fedora-gcc | 0.8.0 | 30.86 | NOTE | |||
r-devel-windows-x86_64 | 0.8.0 | 3.00 | 39.00 | 42.00 | NOTE | |
r-patched-linux-x86_64 | 0.8.0 | NOTE | ||||
r-release-linux-x86_64 | 0.8.0 | 1.76 | 22.58 | 24.34 | NOTE | |
r-release-macos-arm64 | 0.8.0 | 14.00 | NOTE | |||
r-release-macos-x86_64 | 0.8.0 | 21.00 | NOTE | |||
r-release-windows-x86_64 | 0.8.0 | 3.00 | 38.00 | 41.00 | NOTE | |
r-oldrel-macos-arm64 | 0.8.0 | 16.00 | NOTE | |||
r-oldrel-macos-x86_64 | 0.8.0 | 19.00 | NOTE | |||
r-oldrel-windows-x86_64 | 0.8.0 | 3.00 | 41.00 | 44.00 | NOTE |
Version: 0.8.0
Check: LazyData
Result: NOTE
'LazyData' is specified without a 'data' directory
Flavors: r-devel-linux-x86_64-debian-clang, r-devel-linux-x86_64-debian-gcc, r-devel-linux-x86_64-fedora-clang, r-devel-linux-x86_64-fedora-gcc, r-devel-windows-x86_64, r-patched-linux-x86_64, r-release-linux-x86_64, r-release-macos-arm64, r-release-macos-x86_64, r-release-windows-x86_64, r-oldrel-macos-arm64, r-oldrel-macos-x86_64, r-oldrel-windows-x86_64