Last updated on 2025-05-09 20:49:53 CEST.
Flavor | Version | Tinstall | Tcheck | Ttotal | Status | Flags |
---|---|---|---|---|---|---|
r-devel-linux-x86_64-debian-clang | 0.8.0 | 1.95 | 19.15 | 21.10 | NOTE | |
r-devel-linux-x86_64-debian-gcc | 0.8.0 | 1.65 | 15.09 | 16.74 | NOTE | |
r-devel-linux-x86_64-fedora-clang | 0.8.0 | 33.06 | OK | |||
r-devel-linux-x86_64-fedora-gcc | 0.8.0 | 31.62 | OK | |||
r-devel-windows-x86_64 | 0.8.0 | 3.00 | 37.00 | 40.00 | OK | |
r-patched-linux-x86_64 | 0.8.0 | 2.14 | 18.25 | 20.39 | OK | |
r-release-linux-x86_64 | 0.8.0 | 2.02 | 18.22 | 20.24 | OK | |
r-release-macos-arm64 | 0.8.0 | 17.00 | OK | |||
r-release-macos-x86_64 | 0.8.0 | 26.00 | OK | |||
r-release-windows-x86_64 | 0.8.0 | 2.00 | 43.00 | 45.00 | OK | |
r-oldrel-macos-arm64 | 0.8.0 | 14.00 | NOTE | |||
r-oldrel-macos-x86_64 | 0.8.0 | 21.00 | NOTE | |||
r-oldrel-windows-x86_64 | 0.8.0 | 3.00 | 38.00 | 41.00 | NOTE |
Version: 0.8.0
Check: CRAN incoming feasibility
Result: NOTE
Maintainer: ‘Bastian Becker <bastian.becker@bayer.com>’
No Authors@R field in DESCRIPTION.
Please add one, modifying
Authors@R: c(person(given = "Bastian",
family = "Becker",
role = c("aut", "cre"),
email = "bastian.becker@bayer.com"),
person(given = "Katharina",
family = "Mueller",
role = "aut"),
person(given = "Hermann",
family = "Kulmann",
role = "aut"))
as necessary.
Flavors: r-devel-linux-x86_64-debian-clang, r-devel-linux-x86_64-debian-gcc
Version: 0.8.0
Check: LazyData
Result: NOTE
'LazyData' is specified without a 'data' directory
Flavors: r-oldrel-macos-arm64, r-oldrel-macos-x86_64, r-oldrel-windows-x86_64