Last updated on 2024-03-27 19:56:54 CET.
Flavor | Version | Tinstall | Tcheck | Ttotal | Status | Flags |
---|---|---|---|---|---|---|
r-devel-linux-x86_64-debian-clang | 3.0.4 | 6.42 | 58.46 | 64.88 | OK | |
r-devel-linux-x86_64-debian-gcc | 3.0.4 | 6.83 | 44.63 | 51.46 | OK | |
r-devel-linux-x86_64-fedora-clang | 3.0.4 | 84.16 | NOTE | |||
r-devel-linux-x86_64-fedora-gcc | 3.0.4 | 92.88 | NOTE | |||
r-devel-windows-x86_64 | 3.0.4 | 8.00 | 66.00 | 74.00 | OK | |
r-patched-linux-x86_64 | 3.0.4 | 8.22 | 53.11 | 61.33 | OK | |
r-release-linux-x86_64 | 3.0.4 | 8.33 | 54.68 | 63.01 | OK | |
r-release-macos-arm64 | 3.0.4 | 33.00 | OK | |||
r-release-macos-x86_64 | 3.0.4 | 50.00 | OK | |||
r-release-windows-x86_64 | 3.0.4 | 10.00 | 68.00 | 78.00 | OK | |
r-oldrel-macos-arm64 | 3.0.4 | 27.00 | NOTE | |||
r-oldrel-windows-x86_64 | 3.0.4 | 12.00 | 71.00 | 83.00 | OK |
Version: 3.0.4
Check: dependencies in R code
Result: NOTE
Namespace in Imports field not imported from: ‘splines2’
All declared Imports should be used.
Flavors: r-devel-linux-x86_64-fedora-clang, r-devel-linux-x86_64-fedora-gcc, r-oldrel-macos-arm64