CRAN Package Check Results for Package intccr

Last updated on 2022-09-28 21:51:39 CEST.

Flavor Version Tinstall Tcheck Ttotal Status Flags
r-devel-linux-x86_64-debian-clang 3.0.4 9.27 56.29 65.56 OK
r-devel-linux-x86_64-debian-gcc 3.0.4 6.88 41.55 48.43 OK
r-devel-linux-x86_64-fedora-clang 3.0.4 90.89 NOTE
r-devel-linux-x86_64-fedora-gcc 3.0.4 86.88 NOTE
r-devel-windows-x86_64 3.0.4 12.00 87.00 99.00 OK
r-patched-linux-x86_64 3.0.4 5.83 52.65 58.48 OK
r-release-linux-x86_64 3.0.4 8.24 50.31 58.55 OK
r-release-macos-arm64 3.0.4 27.00 NOTE
r-release-macos-x86_64 3.0.4 36.00 NOTE
r-release-windows-x86_64 3.0.4 24.00 81.00 105.00 OK
r-oldrel-macos-arm64 3.0.4 22.00 NOTE
r-oldrel-macos-x86_64 3.0.4 34.00 NOTE
r-oldrel-windows-ix86+x86_64 3.0.4 15.00 71.00 86.00 OK

Check Details

Version: 3.0.4
Check: dependencies in R code
Result: NOTE
    Namespace in Imports field not imported from: ‘splines2’
     All declared Imports should be used.
Flavors: r-devel-linux-x86_64-fedora-clang, r-devel-linux-x86_64-fedora-gcc, r-release-macos-arm64, r-release-macos-x86_64, r-oldrel-macos-arm64, r-oldrel-macos-x86_64