Last updated on 2023-01-27 20:49:14 CET.
Flavor | Version | Tinstall | Tcheck | Ttotal | Status | Flags |
---|---|---|---|---|---|---|
r-devel-linux-x86_64-debian-clang | 1.0.0 | 45.57 | 403.92 | 449.49 | NOTE | |
r-devel-linux-x86_64-debian-gcc | 1.0.0 | 33.92 | 295.96 | 329.88 | NOTE | |
r-devel-linux-x86_64-fedora-clang | 1.0.0 | 558.03 | OK | |||
r-devel-linux-x86_64-fedora-gcc | 1.0.0 | 551.89 | OK | |||
r-devel-windows-x86_64 | 1.0.0 | 45.00 | 426.00 | 471.00 | NOTE | |
r-patched-linux-x86_64 | 1.0.0 | 41.56 | 392.25 | 433.81 | NOTE | |
r-release-linux-x86_64 | 1.0.0 | 30.81 | 388.29 | 419.10 | NOTE | |
r-release-macos-arm64 | 1.0.0 | 104.00 | NOTE | |||
r-release-macos-x86_64 | 1.0.0 | 167.00 | NOTE | |||
r-release-windows-x86_64 | 1.0.0 | 47.00 | 458.00 | 505.00 | NOTE | |
r-oldrel-macos-arm64 | 1.0.0 | 104.00 | NOTE | |||
r-oldrel-macos-x86_64 | 1.0.0 | 159.00 | NOTE | |||
r-oldrel-windows-ix86+x86_64 | 1.0.0 | 113.00 | 453.00 | 566.00 | OK |
Version: 1.0.0
Check: package dependencies
Result: NOTE
Package suggested but not available for checking: ‘INLA’
Flavors: r-devel-linux-x86_64-debian-clang, r-devel-linux-x86_64-debian-gcc, r-devel-windows-x86_64, r-patched-linux-x86_64, r-release-linux-x86_64, r-release-macos-arm64, r-release-macos-x86_64, r-release-windows-x86_64, r-oldrel-macos-arm64, r-oldrel-macos-x86_64