CRAN Package Check Results for Package inlabru

Last updated on 2022-12-03 23:01:30 CET.

Flavor Version Tinstall Tcheck Ttotal Status Flags
r-devel-linux-x86_64-debian-clang 2.6.0 27.28 267.70 294.98 NOTE
r-devel-linux-x86_64-debian-gcc 2.6.0 20.24 206.81 227.05 NOTE
r-devel-linux-x86_64-fedora-clang 2.7.0 497.23 OK
r-devel-linux-x86_64-fedora-gcc 2.7.0 516.49 OK
r-devel-windows-x86_64 2.6.0 72.00 265.00 337.00 NOTE
r-patched-linux-x86_64 2.6.0 30.40 258.53 288.93 NOTE
r-release-linux-x86_64 2.6.0 23.64 240.18 263.82 NOTE
r-release-macos-arm64 2.7.0 89.00 NOTE
r-release-macos-x86_64 2.6.0 116.00 NOTE
r-release-windows-x86_64 2.6.0 145.00 311.00 456.00 NOTE
r-oldrel-macos-arm64 2.7.0 86.00 NOTE
r-oldrel-macos-x86_64 2.6.0 126.00 NOTE
r-oldrel-windows-ix86+x86_64 2.6.0 48.00 290.00 338.00 OK

Check Details

Version: 2.6.0
Check: package dependencies
Result: NOTE
    Package suggested but not available for checking: 'INLA'
Flavors: r-devel-linux-x86_64-debian-clang, r-devel-linux-x86_64-debian-gcc, r-devel-windows-x86_64, r-patched-linux-x86_64, r-release-linux-x86_64, r-release-macos-x86_64, r-release-windows-x86_64, r-oldrel-macos-x86_64

Version: 2.7.0
Check: package dependencies
Result: NOTE
    Package suggested but not available for checking: ‘INLA’
Flavors: r-release-macos-arm64, r-oldrel-macos-arm64