Last updated on 2025-11-02 23:49:40 CET.
| Flavor | Version | Tinstall | Tcheck | Ttotal | Status | Flags | 
|---|---|---|---|---|---|---|
| r-devel-linux-x86_64-debian-clang | 1.0.3 | 9.51 | 173.67 | 183.18 | NOTE | |
| r-devel-linux-x86_64-debian-gcc | 1.0.3 | 5.71 | 116.69 | 122.40 | NOTE | |
| r-devel-linux-x86_64-fedora-clang | 1.0.3 | 41.00 | 244.76 | 285.76 | NOTE | |
| r-devel-linux-x86_64-fedora-gcc | 1.0.3 | 20.00 | 251.91 | 271.91 | NOTE | |
| r-devel-windows-x86_64 | 1.0.3 | 10.00 | 154.00 | 164.00 | NOTE | |
| r-patched-linux-x86_64 | 1.0.3 | 8.99 | 161.92 | 170.91 | NOTE | |
| r-release-linux-x86_64 | 1.0.3 | 7.09 | 158.19 | 165.28 | NOTE | |
| r-release-macos-arm64 | 1.0.3 | 3.00 | 67.00 | 70.00 | NOTE | |
| r-release-macos-x86_64 | 1.0.3 | 6.00 | 133.00 | 139.00 | NOTE | |
| r-release-windows-x86_64 | 1.0.3 | 10.00 | 150.00 | 160.00 | NOTE | |
| r-oldrel-macos-arm64 | 1.0.3 | 3.00 | 65.00 | 68.00 | OK | |
| r-oldrel-macos-x86_64 | 1.0.3 | 5.00 | 100.00 | 105.00 | OK | |
| r-oldrel-windows-x86_64 | 1.0.3 | 16.00 | 202.00 | 218.00 | OK | 
Version: 1.0.3
Check: DESCRIPTION meta-information
Result: NOTE
    Missing dependency on R >= 4.1.0 because package code uses the pipe
    |> or function shorthand \(...) syntax added in R 4.1.0.
    File(s) using such syntax:
      ‘gg_injprev_polar.R’ ‘gg_injriskmatrix.R’ ‘helpers.R’ ‘injprev.R’
      ‘injsummary.R’ ‘prepare_data.R’ ‘utils.R’
Flavors: r-devel-linux-x86_64-debian-clang, r-devel-linux-x86_64-debian-gcc, r-devel-linux-x86_64-fedora-clang, r-devel-linux-x86_64-fedora-gcc, r-devel-windows-x86_64, r-patched-linux-x86_64, r-release-linux-x86_64, r-release-macos-arm64, r-release-macos-x86_64, r-release-windows-x86_64