Last updated on 2024-07-26 20:50:00 CEST.
Flavor | Version | Tinstall | Tcheck | Ttotal | Status | Flags |
---|---|---|---|---|---|---|
r-devel-linux-x86_64-debian-clang | 0.0.5 | 2.24 | 27.21 | 29.45 | OK | |
r-devel-linux-x86_64-debian-gcc | 0.0.5 | 1.25 | 20.87 | 22.12 | OK | |
r-devel-linux-x86_64-fedora-clang | 0.0.5 | 38.95 | NOTE | |||
r-devel-linux-x86_64-fedora-gcc | 0.0.5 | 35.19 | NOTE | |||
r-patched-linux-x86_64 | 0.0.5 | OK | ||||
r-release-macos-arm64 | 0.0.5 | 19.00 | OK | |||
r-release-macos-x86_64 | 0.0.5 | 30.00 | OK | |||
r-release-windows-x86_64 | 0.0.5 | 9.00 | 62.00 | 71.00 | OK | |
r-oldrel-macos-arm64 | 0.0.5 | 21.00 | OK | |||
r-oldrel-macos-x86_64 | 0.0.5 | 31.00 | OK | |||
r-oldrel-windows-x86_64 | 0.0.5 | 4.00 | 45.00 | 49.00 | OK |
Version: 0.0.5
Check: dependencies in R code
Result: NOTE
Namespace in Imports field not imported from: ‘utils’
All declared Imports should be used.
Flavors: r-devel-linux-x86_64-fedora-clang, r-devel-linux-x86_64-fedora-gcc