Last updated on 2025-02-21 19:50:29 CET.
Flavor | Version | Tinstall | Tcheck | Ttotal | Status | Flags |
---|---|---|---|---|---|---|
r-devel-linux-x86_64-debian-clang | 1.0-3 | 9.61 | 42.84 | 52.45 | NOTE | |
r-devel-linux-x86_64-debian-gcc | 1.0-3 | 6.77 | 33.18 | 39.95 | NOTE | |
r-devel-linux-x86_64-fedora-clang | 1.0-3 | 83.65 | OK | |||
r-devel-linux-x86_64-fedora-gcc | 1.0-3 | 82.70 | OK | |||
r-devel-macos-arm64 | 1.0-3 | 37.00 | OK | |||
r-devel-macos-x86_64 | 1.0-3 | 50.00 | OK | |||
r-devel-windows-x86_64 | 1.0-3 | 7.00 | 56.00 | 63.00 | NOTE | |
r-patched-linux-x86_64 | 1.0-3 | 11.45 | 40.57 | 52.02 | OK | |
r-release-linux-x86_64 | 1.0-3 | 7.93 | 40.70 | 48.63 | OK | |
r-release-macos-arm64 | 1.0-3 | 39.00 | OK | |||
r-release-macos-x86_64 | 1.0-3 | 46.00 | OK | |||
r-release-windows-x86_64 | 1.0-3 | 9.00 | 54.00 | 63.00 | OK | |
r-oldrel-macos-arm64 | 1.0-3 | 25.00 | OK | |||
r-oldrel-macos-x86_64 | 1.0-3 | 46.00 | OK | |||
r-oldrel-windows-x86_64 | 1.0-3 | 9.00 | 73.00 | 82.00 | OK |
Version: 1.0-3
Check: Rd cross-references
Result: NOTE
Found the following Rd file(s) with Rd \link{} targets missing package
anchors:
in2extRemes-package.Rd: extRemes
Please provide package anchors for all Rd \link{} targets not in the
package itself and the base packages.
Flavors: r-devel-linux-x86_64-debian-clang, r-devel-linux-x86_64-debian-gcc, r-devel-windows-x86_64