Last updated on 2023-06-01 21:52:56 CEST.
Flavor | Version | Tinstall | Tcheck | Ttotal | Status | Flags |
---|---|---|---|---|---|---|
r-devel-linux-x86_64-debian-clang | 3.0.3 | 9.27 | 82.47 | 91.74 | NOTE | |
r-devel-linux-x86_64-debian-gcc | 3.0.3 | 6.37 | 61.29 | 67.66 | NOTE | |
r-devel-linux-x86_64-fedora-clang | 3.0.3 | 115.06 | NOTE | |||
r-devel-linux-x86_64-fedora-gcc | 3.0.3 | 104.12 | NOTE | |||
r-devel-windows-x86_64 | 3.0.3 | 9.00 | 77.00 | 86.00 | NOTE | |
r-patched-linux-x86_64 | 3.0.3 | NOTE | ||||
r-release-linux-x86_64 | 3.0.3 | 5.32 | 76.99 | 82.31 | NOTE | |
r-release-macos-arm64 | 3.0.3 | 36.00 | NOTE | |||
r-release-macos-x86_64 | 3.0.3 | 57.00 | NOTE | |||
r-release-windows-x86_64 | 3.0.3 | 11.00 | 92.00 | 103.00 | NOTE | |
r-oldrel-macos-arm64 | 3.0.3 | 35.00 | NOTE | |||
r-oldrel-macos-x86_64 | 3.0.3 | 60.00 | NOTE | |||
r-oldrel-windows-x86_64 | 3.0.3 | 12.00 | 95.00 | 107.00 | NOTE |
Version: 3.0.3
Check: LazyData
Result: NOTE
'LazyData' is specified without a 'data' directory
Flavors: r-devel-linux-x86_64-debian-clang, r-devel-linux-x86_64-debian-gcc, r-devel-linux-x86_64-fedora-clang, r-devel-linux-x86_64-fedora-gcc, r-devel-windows-x86_64, r-patched-linux-x86_64, r-release-linux-x86_64, r-release-macos-arm64, r-release-macos-x86_64, r-release-windows-x86_64, r-oldrel-macos-arm64, r-oldrel-macos-x86_64, r-oldrel-windows-x86_64