CRAN Package Check Results for Package impactflu

Last updated on 2022-09-26 21:52:59 CEST.

Flavor Version Tinstall Tcheck Ttotal Status Flags
r-devel-linux-x86_64-debian-clang 0.1.0 31.21 41.34 72.55 NOTE
r-devel-linux-x86_64-debian-gcc 0.1.0 25.24 45.50 70.74 NOTE
r-devel-linux-x86_64-fedora-clang 0.1.0 137.23 NOTE
r-devel-linux-x86_64-fedora-gcc 0.1.0 125.40 NOTE
r-devel-windows-x86_64 0.1.0 31.00 100.00 131.00 NOTE
r-patched-linux-x86_64 0.1.0 28.81 45.87 74.68 NOTE
r-release-linux-x86_64 0.1.0 29.02 58.07 87.09 NOTE
r-release-macos-arm64 0.1.0 31.00 NOTE
r-release-macos-x86_64 0.1.0 56.00 NOTE
r-release-windows-x86_64 0.1.0 37.00 104.00 141.00 NOTE
r-oldrel-macos-arm64 0.1.0 40.00 NOTE
r-oldrel-macos-x86_64 0.1.0 57.00 NOTE
r-oldrel-windows-ix86+x86_64 0.1.0 82.00 117.00 199.00 NOTE

Check Details

Version: 0.1.0
Check: LazyData
Result: NOTE
     'LazyData' is specified without a 'data' directory
Flavors: r-devel-linux-x86_64-debian-clang, r-devel-linux-x86_64-debian-gcc, r-devel-linux-x86_64-fedora-clang, r-devel-linux-x86_64-fedora-gcc, r-devel-windows-x86_64, r-patched-linux-x86_64, r-release-linux-x86_64, r-release-macos-arm64, r-release-macos-x86_64, r-release-windows-x86_64, r-oldrel-macos-arm64, r-oldrel-macos-x86_64, r-oldrel-windows-ix86+x86_64