Last updated on 2024-04-17 20:57:37 CEST.
Flavor | Version | Tinstall | Tcheck | Ttotal | Status | Flags |
---|---|---|---|---|---|---|
r-devel-linux-x86_64-debian-clang | 0.5.0 | 6.15 | 63.95 | 70.10 | NOTE | |
r-devel-linux-x86_64-debian-gcc | 0.5.0 | 5.01 | 47.84 | 52.85 | NOTE | |
r-devel-linux-x86_64-fedora-clang | 0.5.0 | 88.11 | NOTE | |||
r-devel-linux-x86_64-fedora-gcc | 0.5.0 | 97.47 | NOTE | |||
r-prerel-macos-arm64 | 0.5.0 | 38.00 | NOTE | |||
r-prerel-windows-x86_64 | 0.5.0 | 8.00 | 74.00 | 82.00 | NOTE | |
r-patched-linux-x86_64 | 0.5.0 | 10.36 | 60.27 | 70.63 | NOTE | |
r-release-linux-x86_64 | 0.5.0 | 6.92 | 58.96 | 65.88 | OK | |
r-release-macos-arm64 | 0.5.0 | 41.00 | OK | |||
r-release-macos-x86_64 | 0.5.0 | 53.00 | OK | |||
r-release-windows-x86_64 | 0.5.0 | 9.00 | 80.00 | 89.00 | OK | |
r-oldrel-macos-arm64 | 0.5.0 | 33.00 | OK | |||
r-oldrel-windows-x86_64 | 0.5.0 | 12.00 | 79.00 | 91.00 | OK |
Version: 0.5.0
Check: Rd files
Result: NOTE
checkRd: (-1) stringCSSRule.Rd:22: Lost braces
22 | using the {{placeholder}} convention.
| ^
checkRd: (-1) stringTemplate.Rd:23: Lost braces
23 | placeholders are marked using the {{placeholder}} convention.
| ^
checkRd: (-1) stringTemplate.Rd:12: Lost braces
12 | {{placeholder}} format.}
| ^
Flavors: r-devel-linux-x86_64-debian-clang, r-devel-linux-x86_64-debian-gcc, r-devel-linux-x86_64-fedora-clang, r-devel-linux-x86_64-fedora-gcc, r-prerel-macos-arm64, r-prerel-windows-x86_64, r-patched-linux-x86_64