Last updated on 2023-01-30 20:55:48 CET.
Flavor | Version | Tinstall | Tcheck | Ttotal | Status | Flags |
---|---|---|---|---|---|---|
r-devel-linux-x86_64-debian-clang | 1.4-15 | 117.28 | 66.58 | 183.86 | OK | |
r-devel-linux-x86_64-debian-gcc | 1.4-15 | 95.59 | 62.01 | 157.60 | OK | |
r-devel-linux-x86_64-fedora-clang | 1.4-15 | 269.73 | OK | |||
r-devel-linux-x86_64-fedora-gcc | 1.4-15 | 242.44 | OK | |||
r-devel-windows-x86_64 | 1.4-15 | 123.00 | 147.00 | 270.00 | OK | |
r-patched-linux-x86_64 | 1.4-15 | 94.23 | 68.34 | 162.57 | OK | |
r-release-linux-x86_64 | 1.4-15 | 95.37 | 53.12 | 148.49 | OK | |
r-release-macos-arm64 | 1.4-15 | 70.00 | NOTE | |||
r-release-macos-x86_64 | 1.4-15 | 85.00 | NOTE | |||
r-release-windows-x86_64 | 1.4-15 | 117.00 | 143.00 | 260.00 | OK | |
r-oldrel-macos-arm64 | 1.4-15 | 67.00 | NOTE | |||
r-oldrel-macos-x86_64 | 1.4-15 | 91.00 | NOTE | |||
r-oldrel-windows-ix86+x86_64 | 1.4-15 | 251.00 | 145.00 | 396.00 | OK |
Version: 1.4-15
Check: installed package size
Result: NOTE
installed size is 5.0Mb
sub-directories of 1Mb or more:
libs 4.2Mb
Flavors: r-release-macos-arm64, r-release-macos-x86_64, r-oldrel-macos-arm64, r-oldrel-macos-x86_64