CRAN Package Check Results for Package imageviewer

Last updated on 2025-05-09 20:49:52 CEST.

Flavor Version Tinstall Tcheck Ttotal Status Flags
r-devel-linux-x86_64-debian-clang 0.1.0 2.73 23.83 26.56 OK
r-devel-linux-x86_64-debian-gcc 0.1.0 2.00 19.24 21.24 OK
r-devel-linux-x86_64-fedora-clang 0.1.0 39.21 OK
r-devel-linux-x86_64-fedora-gcc 0.1.0 39.84 OK
r-devel-windows-x86_64 0.1.0 6.00 42.00 48.00 OK
r-patched-linux-x86_64 0.1.0 1.83 21.91 23.74 OK
r-release-linux-x86_64 0.1.0 2.51 21.90 24.41 OK
r-release-macos-arm64 0.1.0 20.00 OK
r-release-macos-x86_64 0.1.0 26.00 OK
r-release-windows-x86_64 0.1.0 7.00 45.00 52.00 OK
r-oldrel-macos-arm64 0.1.0 17.00 NOTE
r-oldrel-macos-x86_64 0.1.0 24.00 NOTE
r-oldrel-windows-x86_64 0.1.0 6.00 49.00 55.00 NOTE

Check Details

Version: 0.1.0
Check: LazyData
Result: NOTE 'LazyData' is specified without a 'data' directory Flavors: r-oldrel-macos-arm64, r-oldrel-macos-x86_64, r-oldrel-windows-x86_64