CRAN Package Check Results for Package imageseg

Last updated on 2023-11-30 20:48:38 CET.

Flavor Version Tinstall Tcheck Ttotal Status Flags
r-devel-linux-x86_64-debian-clang 0.5.0 12.78 125.91 138.69 NOTE
r-devel-linux-x86_64-debian-gcc 0.5.0 10.42 88.10 98.52 NOTE
r-devel-linux-x86_64-fedora-clang 0.5.0 171.42 OK
r-devel-linux-x86_64-fedora-gcc 0.5.0 165.46 OK
r-devel-windows-x86_64 0.5.0 11.00 106.00 117.00 OK
r-patched-linux-x86_64 0.5.0 10.88 111.18 122.06 OK
r-release-linux-x86_64 0.5.0 11.75 111.68 123.43 OK
r-release-macos-arm64 0.5.0 59.00 OK
r-release-macos-x86_64 0.5.0 92.00 OK
r-release-windows-x86_64 0.5.0 15.00 122.00 137.00 OK
r-oldrel-macos-arm64 0.5.0 52.00 OK
r-oldrel-macos-x86_64 0.5.0 65.00 OK
r-oldrel-windows-x86_64 0.5.0 17.00 125.00 142.00 OK

Check Details

Version: 0.5.0
Check: Rd files
Result: NOTE checkRd: (-1) imagesToKerasInput.Rd:23: Lost braces 23 | \item{grayscale}{logical. Defines color channels of images: 1 if code{TRUE}, 3 if \code{FALSE}.} | ^ Flavors: r-devel-linux-x86_64-debian-clang, r-devel-linux-x86_64-debian-gcc