CRAN Package Check Results for Package imagerExtra

Last updated on 2022-10-02 22:51:40 CEST.

Flavor Version Tinstall Tcheck Ttotal Status Flags
r-devel-linux-x86_64-debian-clang 1.3.2 96.94 63.42 160.36 OK
r-devel-linux-x86_64-debian-gcc 1.3.2 71.72 57.48 129.20 OK
r-devel-linux-x86_64-fedora-clang 1.3.2 268.71 OK
r-devel-linux-x86_64-fedora-gcc 1.3.2 222.84 OK
r-devel-windows-x86_64 1.3.2 120.00 137.00 257.00 OK
r-patched-linux-x86_64 1.3.2 77.70 75.52 153.22 OK
r-release-linux-x86_64 1.3.2 80.25 71.79 152.04 OK
r-release-macos-arm64 1.3.2 60.00 OK
r-release-macos-x86_64 1.3.2 84.00 NOTE
r-release-windows-x86_64 1.3.2 123.00 143.00 266.00 OK
r-oldrel-macos-arm64 1.3.2 68.00 OK
r-oldrel-macos-x86_64 1.3.2 118.00 OK
r-oldrel-windows-ix86+x86_64 1.3.2 230.00 169.00 399.00 OK

Check Details

Version: 1.3.2
Check: package dependencies
Result: NOTE
    Package suggested but not available for checking: ‘tesseract’
Flavor: r-release-macos-x86_64