Last updated on 2024-03-28 19:48:34 CET.
Flavor | Version | Tinstall | Tcheck | Ttotal | Status | Flags |
---|---|---|---|---|---|---|
r-devel-linux-x86_64-debian-clang | 0.2.5 | 2.97 | 46.94 | 49.91 | OK | |
r-devel-linux-x86_64-debian-gcc | 0.2.5 | 2.49 | 35.30 | 37.79 | OK | |
r-devel-linux-x86_64-fedora-clang | 0.2.5 | 68.46 | NOTE | |||
r-devel-linux-x86_64-fedora-gcc | 0.2.5 | 74.96 | OK | |||
r-devel-windows-x86_64 | 0.2.5 | 4.00 | 641.00 | 645.00 | OK | |
r-patched-linux-x86_64 | 0.2.5 | 3.22 | 44.57 | 47.79 | OK | |
r-release-linux-x86_64 | 0.2.5 | 3.49 | 43.79 | 47.28 | OK | |
r-release-macos-arm64 | 0.2.5 | 34.00 | OK | |||
r-release-macos-x86_64 | 0.2.5 | 69.00 | OK | |||
r-release-windows-x86_64 | 0.2.5 | 5.00 | 295.00 | 300.00 | OK | |
r-oldrel-macos-arm64 | 0.2.5 | 36.00 | OK | |||
r-oldrel-windows-x86_64 | 0.2.5 | 5.00 | 709.00 | 714.00 | OK |
Version: 0.2.5
Check: Rd cross-references
Result: NOTE
Undeclared packages ‘bmp’, ‘jpeg’, ‘png’, ‘tiff’ in Rd xrefs
Flavor: r-devel-linux-x86_64-fedora-clang