Last updated on 2025-11-26 19:51:25 CET.
| Flavor | Version | Tinstall | Tcheck | Ttotal | Status | Flags |
|---|---|---|---|---|---|---|
| r-devel-linux-x86_64-debian-gcc | 1.0 | 68.94 | 79.21 | 148.15 | OK | |
| r-devel-linux-x86_64-fedora-clang | 1.0 | 127.00 | 212.65 | 339.65 | OK | |
| r-devel-linux-x86_64-fedora-gcc | 1.0 | 86.00 | 150.92 | 236.92 | OK | |
| r-release-macos-arm64 | 1.0 | 15.00 | 30.00 | 45.00 | OK | |
| r-release-macos-x86_64 | 1.0 | 126.00 | 160.00 | 286.00 | OK | |
| r-oldrel-macos-arm64 | 1.0 | 15.00 | 33.00 | 48.00 | NOTE | |
| r-oldrel-macos-x86_64 | 1.0 | 220.00 | 245.00 | 465.00 | NOTE | |
| r-oldrel-windows-x86_64 | 1.0 | 100.00 | 171.00 | 271.00 | NOTE |
Version: 1.0
Check: installed package size
Result: NOTE
installed size is 15.2Mb
sub-directories of 1Mb or more:
data 3.0Mb
libs 11.4Mb
Flavors: r-oldrel-macos-arm64, r-oldrel-macos-x86_64, r-oldrel-windows-x86_64