Last updated on 2024-03-28 19:48:34 CET.
Flavor | Version | Tinstall | Tcheck | Ttotal | Status | Flags |
---|---|---|---|---|---|---|
r-devel-linux-x86_64-debian-clang | 1.0.1 | 5.21 | 186.67 | 191.88 | OK | |
r-devel-linux-x86_64-debian-gcc | 1.0.1 | 5.03 | 147.30 | 152.33 | OK | |
r-devel-linux-x86_64-fedora-clang | 1.0.1 | 259.18 | NOTE | |||
r-devel-linux-x86_64-fedora-gcc | 1.0.1 | 267.64 | NOTE | |||
r-devel-windows-x86_64 | 1.0.1 | 7.00 | 307.00 | 314.00 | OK | |
r-patched-linux-x86_64 | 1.0.1 | 7.23 | 187.07 | 194.30 | OK | |
r-release-linux-x86_64 | 1.0.1 | 4.99 | 184.93 | 189.92 | OK | |
r-release-macos-arm64 | 1.0.1 | 115.00 | OK | |||
r-release-macos-x86_64 | 1.0.1 | 182.00 | OK | |||
r-release-windows-x86_64 | 1.0.1 | 6.00 | 316.00 | 322.00 | OK | |
r-oldrel-macos-arm64 | 1.0.1 | 89.00 | OK | |||
r-oldrel-windows-x86_64 | 1.0.1 | 10.00 | 301.00 | 311.00 | OK |
Version: 1.0.1
Check: data for non-ASCII characters
Result: NOTE
Note: found 366 marked UTF-8 strings
Flavors: r-devel-linux-x86_64-fedora-clang, r-devel-linux-x86_64-fedora-gcc