CRAN Package Check Results for Package iemisc

Last updated on 2022-11-28 19:50:29 CET.

Flavor Version Tinstall Tcheck Ttotal Status Flags
r-devel-linux-x86_64-debian-clang 0.9.9 9.70 81.77 91.47 NOTE
r-devel-linux-x86_64-debian-gcc 0.9.9 6.73 61.79 68.52 NOTE
r-devel-linux-x86_64-fedora-clang 0.9.9 127.77 NOTE
r-devel-linux-x86_64-fedora-gcc 0.9.9 133.49 NOTE
r-devel-windows-x86_64 0.9.9 39.00 123.00 162.00 NOTE
r-patched-linux-x86_64 0.9.9 12.32 74.85 87.17 NOTE
r-release-linux-x86_64 0.9.9 10.45 73.38 83.83 NOTE
r-release-macos-arm64 0.9.9 32.00 NOTE
r-release-macos-x86_64 0.9.9 41.00 NOTE
r-release-windows-x86_64 0.9.9 46.00 109.00 155.00 NOTE
r-oldrel-macos-arm64 0.9.9 36.00 NOTE
r-oldrel-macos-x86_64 0.9.9 61.00 NOTE
r-oldrel-windows-ix86+x86_64 0.9.9 21.00 101.00 122.00 NOTE

Check Details

Version: 0.9.9
Check: package dependencies
Result: NOTE
    Package suggested but not available for checking: 'optiRum'
Flavors: r-devel-linux-x86_64-debian-clang, r-devel-linux-x86_64-debian-gcc, r-devel-linux-x86_64-fedora-clang, r-devel-linux-x86_64-fedora-gcc, r-patched-linux-x86_64, r-release-linux-x86_64

Version: 0.9.9
Check: LazyData
Result: NOTE
     'LazyData' is specified without a 'data' directory
Flavors: r-devel-linux-x86_64-debian-clang, r-devel-linux-x86_64-debian-gcc, r-devel-linux-x86_64-fedora-clang, r-devel-linux-x86_64-fedora-gcc, r-devel-windows-x86_64, r-patched-linux-x86_64, r-release-linux-x86_64, r-release-macos-arm64, r-release-macos-x86_64, r-release-windows-x86_64, r-oldrel-macos-arm64, r-oldrel-macos-x86_64, r-oldrel-windows-ix86+x86_64

Version: 0.9.9
Check: dependencies in R code
Result: NOTE
    Namespace in Imports field not imported from: ‘testit’
     All declared Imports should be used.
Flavors: r-devel-linux-x86_64-fedora-clang, r-devel-linux-x86_64-fedora-gcc, r-release-macos-arm64, r-release-macos-x86_64, r-oldrel-macos-arm64, r-oldrel-macos-x86_64

Version: 0.9.9
Check: Rd cross-references
Result: NOTE
    Undeclared package ‘matlab’ in Rd xrefs
Flavor: r-devel-linux-x86_64-fedora-clang