CRAN Package Check Results for Package ieeeround

Last updated on 2022-09-27 21:53:51 CEST.

Flavor Version Tinstall Tcheck Ttotal Status Flags
r-devel-linux-x86_64-debian-clang 0.2-0 2.32 20.30 22.62 OK
r-devel-linux-x86_64-debian-gcc 0.2-0 1.81 16.08 17.89 OK
r-devel-linux-x86_64-fedora-clang 0.2-0 41.10 NOTE
r-devel-linux-x86_64-fedora-gcc 0.2-0 37.58 NOTE
r-patched-linux-x86_64 0.2-0 2.32 19.70 22.02 OK
r-release-linux-x86_64 0.2-0 2.12 19.74 21.86 OK
r-release-macos-arm64 0.2-0 23.00 OK
r-release-macos-x86_64 0.2-0 20.00 OK
r-oldrel-macos-arm64 0.2-0 19.00 OK
r-oldrel-macos-x86_64 0.2-0 26.00 OK

Check Details

Version: 0.2-0
Check: compiled code
Result: NOTE
    File ‘ieeeround/libs/ieeeround.so’:
     Found no calls to: ‘R_registerRoutines’, ‘R_useDynamicSymbols’
    
    It is good practice to register native routines and to disable symbol
    search.
    
    See ‘Writing portable packages’ in the ‘Writing R Extensions’ manual.
Flavors: r-devel-linux-x86_64-fedora-clang, r-devel-linux-x86_64-fedora-gcc