CRAN Package Check Results for Package ie2miscdata

Last updated on 2022-10-03 21:53:39 CEST.

Flavor Version Tinstall Tcheck Ttotal Status Flags
r-devel-linux-x86_64-debian-clang 1.0.2 3.51 44.65 48.16 OK
r-devel-linux-x86_64-debian-gcc 1.0.2 2.53 33.89 36.42 OK
r-devel-linux-x86_64-fedora-clang 1.0.2 71.60 NOTE
r-devel-linux-x86_64-fedora-gcc 1.0.2 65.46 NOTE
r-devel-windows-x86_64 1.0.2 50.00 95.00 145.00 OK
r-patched-linux-x86_64 1.0.2 3.52 41.40 44.92 OK
r-release-linux-x86_64 1.0.2 3.21 41.74 44.95 OK
r-release-macos-arm64 1.0.2 24.00 NOTE
r-release-macos-x86_64 1.0.2 38.00 NOTE
r-release-windows-x86_64 1.0.2 80.00 78.00 158.00 OK
r-oldrel-macos-arm64 1.0.2 33.00 NOTE
r-oldrel-macos-x86_64 1.0.2 39.00 NOTE
r-oldrel-windows-ix86+x86_64 1.0.2 8.00 75.00 83.00 OK

Check Details

Version: 1.0.2
Check: dependencies in R code
Result: NOTE
    Namespace in Imports field not imported from: ‘lubridate’
     All declared Imports should be used.
Flavors: r-devel-linux-x86_64-fedora-clang, r-devel-linux-x86_64-fedora-gcc, r-release-macos-arm64, r-release-macos-x86_64, r-oldrel-macos-arm64, r-oldrel-macos-x86_64

Version: 1.0.2
Check: data for non-ASCII characters
Result: NOTE
     Note: found 4 marked UTF-8 strings
Flavors: r-devel-linux-x86_64-fedora-clang, r-devel-linux-x86_64-fedora-gcc, r-release-macos-arm64, r-release-macos-x86_64, r-oldrel-macos-arm64, r-oldrel-macos-x86_64