Last updated on 2024-03-28 19:48:34 CET.
Flavor | Version | Tinstall | Tcheck | Ttotal | Status | Flags |
---|---|---|---|---|---|---|
r-devel-linux-x86_64-debian-clang | 1.0.4 | 3.56 | 142.15 | 145.71 | OK | |
r-devel-linux-x86_64-debian-gcc | 1.0.4 | 2.79 | 127.83 | 130.62 | OK | |
r-devel-linux-x86_64-fedora-clang | 1.0.4 | 176.91 | NOTE | |||
r-devel-linux-x86_64-fedora-gcc | 1.0.4 | 191.50 | NOTE | |||
r-devel-windows-x86_64 | 1.0.4 | 4.00 | 235.00 | 239.00 | OK | |
r-patched-linux-x86_64 | 1.0.4 | 4.28 | 141.69 | 145.97 | OK | |
r-release-linux-x86_64 | 1.0.4 | 3.62 | 137.65 | 141.27 | OK | |
r-release-macos-arm64 | 1.0.4 | 98.00 | OK | |||
r-release-macos-x86_64 | 1.0.4 | 217.00 | OK | |||
r-release-windows-x86_64 | 1.0.4 | 4.00 | 220.00 | 224.00 | OK | |
r-oldrel-macos-arm64 | 1.0.4 | 88.00 | OK | |||
r-oldrel-windows-x86_64 | 1.0.4 | 6.00 | 209.00 | 215.00 | OK |
Version: 1.0.4
Check: data for non-ASCII characters
Result: NOTE
Note: found 4 marked UTF-8 strings
Flavors: r-devel-linux-x86_64-fedora-clang, r-devel-linux-x86_64-fedora-gcc