Last updated on 2025-05-06 20:50:43 CEST.
Flavor | Version | Tinstall | Tcheck | Ttotal | Status | Flags |
---|---|---|---|---|---|---|
r-devel-linux-x86_64-debian-clang | 0.3.1 | 4.31 | 36.63 | 40.94 | NOTE | |
r-devel-linux-x86_64-debian-gcc | 0.3.1 | 2.74 | 27.94 | 30.68 | NOTE | |
r-devel-linux-x86_64-fedora-clang | 0.3.1 | 62.97 | NOTE | |||
r-devel-linux-x86_64-fedora-gcc | 0.3.1 | 75.53 | NOTE | |||
r-devel-windows-x86_64 | 0.3.1 | 5.00 | 54.00 | 59.00 | NOTE | |
r-patched-linux-x86_64 | 0.3.1 | 4.16 | 34.07 | 38.23 | NOTE | |
r-release-linux-x86_64 | 0.3.1 | 3.92 | 33.30 | 37.22 | NOTE | |
r-release-macos-arm64 | 0.3.1 | 29.00 | NOTE | |||
r-release-macos-x86_64 | 0.3.1 | 52.00 | NOTE | |||
r-release-windows-x86_64 | 0.3.1 | 5.00 | 53.00 | 58.00 | NOTE | |
r-oldrel-macos-arm64 | 0.3.1 | 29.00 | OK | |||
r-oldrel-macos-x86_64 | 0.3.1 | 46.00 | OK | |||
r-oldrel-windows-x86_64 | 0.3.1 | 7.00 | 62.00 | 69.00 | OK |
Version: 0.3.1
Check: DESCRIPTION meta-information
Result: NOTE
Missing dependency on R >= 4.1.0 because package code uses the pipe
|> or function shorthand \(...) syntax added in R 4.1.0.
File(s) using such syntax:
‘idmc_transform_daily.R’
Flavors: r-devel-linux-x86_64-debian-clang, r-devel-linux-x86_64-debian-gcc, r-devel-linux-x86_64-fedora-clang, r-devel-linux-x86_64-fedora-gcc, r-devel-windows-x86_64, r-patched-linux-x86_64, r-release-linux-x86_64, r-release-macos-arm64, r-release-macos-x86_64, r-release-windows-x86_64