Last updated on 2024-03-28 19:48:34 CET.
Flavor | Version | Tinstall | Tcheck | Ttotal | Status | Flags |
---|---|---|---|---|---|---|
r-devel-linux-x86_64-debian-clang | 5.2 | 159.71 | 265.36 | 425.07 | NOTE | |
r-devel-linux-x86_64-debian-gcc | 5.2 | 148.53 | 204.68 | 353.21 | NOTE | |
r-devel-linux-x86_64-fedora-clang | 5.2 | 535.05 | NOTE | |||
r-devel-linux-x86_64-fedora-gcc | 5.2 | 597.76 | NOTE | |||
r-devel-windows-x86_64 | 5.2 | 134.00 | 214.00 | 348.00 | NOTE | |
r-patched-linux-x86_64 | 5.2 | 135.44 | 264.29 | 399.73 | NOTE | |
r-release-linux-x86_64 | 5.2 | 182.53 | 259.55 | 442.08 | NOTE | |
r-release-macos-arm64 | 5.2 | 84.00 | NOTE | |||
r-release-macos-x86_64 | 5.2 | 174.00 | NOTE | |||
r-release-windows-x86_64 | 5.2 | 159.00 | 265.00 | 424.00 | NOTE | |
r-oldrel-macos-arm64 | 5.2 | 95.00 | NOTE | |||
r-oldrel-windows-x86_64 | 5.2 | 162.00 | 258.00 | 420.00 | NOTE |
Version: 5.2
Check: Rd files
Result: NOTE
checkRd: (-1) imInfer.Rd:34-35: Lost braces in \itemize; meant \describe ?
checkRd: (-1) imInfer.Rd:35-36: Lost braces in \itemize; meant \describe ?
checkRd: (-1) plot.IDEMDATA.Rd:22-23: Lost braces in \itemize; meant \describe ?
checkRd: (-1) plot.IDEMDATA.Rd:25: Lost braces in \itemize; meant \describe ?
checkRd: (-1) plot.IDEMDATA.Rd:27: Lost braces in \itemize; meant \describe ?
checkRd: (-1) plot.IDEMIMP.Rd:14: Lost braces in \itemize; meant \describe ?
checkRd: (-1) plot.IDEMIMP.Rd:15: Lost braces in \itemize; meant \describe ?
checkRd: (-1) plot.IDEMIMP.Rd:27-28: Lost braces in \itemize; meant \describe ?
checkRd: (-1) plot.IDEMIMP.Rd:30-32: Lost braces in \itemize; meant \describe ?
checkRd: (-1) plot.IDEMIMP.Rd:34: Lost braces in \itemize; meant \describe ?
checkRd: (-1) plot.IDEMIMP.Rd:36: Lost braces in \itemize; meant \describe ?
checkRd: (-1) plot.IDEMIMP.Rd:38: Lost braces in \itemize; meant \describe ?
checkRd: (-1) plot.IDEMIMP.Rd:40: Lost braces in \itemize; meant \describe ?
checkRd: (-1) plot.IDEMIMP.Rd:42: Lost braces in \itemize; meant \describe ?
checkRd: (-1) plot.IDEMIMP.Rd:44: Lost braces in \itemize; meant \describe ?
checkRd: (-1) plot.IDEMIMP.Rd:51-53: Lost braces in \itemize; meant \describe ?
checkRd: (-1) plot.IDEMIMP.Rd:55-58: Lost braces in \itemize; meant \describe ?
checkRd: (-1) plot.IDEMIMP.Rd:60-63: Lost braces in \itemize; meant \describe ?
checkRd: (-1) plot.IDEMIMP.Rd:65-66: Lost braces in \itemize; meant \describe ?
checkRd: (-1) plot.IDEMIMP.Rd:69-70: Lost braces in \itemize; meant \describe ?
checkRd: (-1) plot.IDEMIMP.Rd:72-73: Lost braces in \itemize; meant \describe ?
checkRd: (-1) plot.IDEMIMP.Rd:75: Lost braces in \itemize; meant \describe ?
checkRd: (-1) summary.IDEMDATA.Rd:15: Lost braces in \itemize; meant \describe ?
checkRd: (-1) summary.IDEMDATA.Rd:17-18: Lost braces in \itemize; meant \describe ?
checkRd: (-1) summary.IDEMDATA.Rd:20: Lost braces in \itemize; meant \describe ?
checkRd: (-1) summary.IDEMINFER.Rd:14: Lost braces in \itemize; meant \describe ?
checkRd: (-1) summary.IDEMINFER.Rd:15: Lost braces in \itemize; meant \describe ?
Flavors: r-devel-linux-x86_64-debian-clang, r-devel-linux-x86_64-debian-gcc, r-devel-linux-x86_64-fedora-clang, r-devel-linux-x86_64-fedora-gcc, r-devel-windows-x86_64, r-patched-linux-x86_64
Version: 5.2
Check: for GNU extensions in Makefiles
Result: NOTE
GNU make is a SystemRequirements.
Flavors: r-devel-linux-x86_64-debian-clang, r-devel-linux-x86_64-debian-gcc, r-devel-linux-x86_64-fedora-clang, r-devel-linux-x86_64-fedora-gcc, r-devel-windows-x86_64, r-patched-linux-x86_64, r-release-linux-x86_64, r-release-macos-arm64, r-release-macos-x86_64, r-release-windows-x86_64, r-oldrel-macos-arm64, r-oldrel-windows-x86_64
Version: 5.2
Check: installed package size
Result: NOTE
installed size is 31.1Mb
sub-directories of 1Mb or more:
doc 1.2Mb
libs 29.3Mb
Flavors: r-release-macos-arm64, r-release-macos-x86_64, r-oldrel-macos-arm64