CRAN Package Check Results for Package icertool

Last updated on 2023-11-28 20:48:27 CET.

Flavor Version Tinstall Tcheck Ttotal Status Flags
r-devel-linux-x86_64-debian-clang 0.0.3 2.42 23.91 26.33 OK
r-devel-linux-x86_64-debian-gcc 0.0.3 2.24 18.78 21.02 OK
r-devel-linux-x86_64-fedora-clang 0.0.3 34.09 NOTE
r-devel-linux-x86_64-fedora-gcc 0.0.3 31.97 NOTE
r-devel-windows-x86_64 0.0.3 4.00 47.00 51.00 OK
r-patched-linux-x86_64 0.0.3 2.06 23.47 25.53 OK
r-release-linux-x86_64 0.0.3 1.77 23.06 24.83 OK
r-release-macos-arm64 0.0.3 18.00 OK
r-release-macos-x86_64 0.0.3 21.00 OK
r-release-windows-x86_64 0.0.3 5.00 45.00 50.00 OK
r-oldrel-macos-arm64 0.0.3 18.00 NOTE
r-oldrel-macos-x86_64 0.0.3 24.00 NOTE
r-oldrel-windows-x86_64 0.0.3 5.00 49.00 54.00 OK

Check Details

Version: 0.0.3
Check: dependencies in R code
Result: NOTE Namespaces in Imports field not imported from: ‘digest’ ‘purrr’ ‘tidyverse’ All declared Imports should be used. Flavors: r-devel-linux-x86_64-fedora-clang, r-devel-linux-x86_64-fedora-gcc, r-oldrel-macos-arm64, r-oldrel-macos-x86_64